{"id":55342,"date":"2026-03-25T01:01:43","date_gmt":"2026-03-25T01:01:43","guid":{"rendered":"https:\/\/bouwstenenverhuur.brogt.nl\/?page_id=55342"},"modified":"2026-03-25T01:01:43","modified_gmt":"2026-03-25T01:01:43","slug":"przeglad-zelu-doustnego-viagra","status":"publish","type":"page","link":"https:\/\/bouwstenenverhuur.brogt.nl\/index.php\/przeglad-zelu-doustnego-viagra\/","title":{"rendered":"Przegl\u0105d \u017celu doustnego Viagra"},"content":{"rendered":"<h1>Por\u00f3wnanie \u017celu doustnego Viagra z innymi lekami<\/h1>\n<p>Viagra w \u017celu doustnym stanowi innowacyjn\u0105 form\u0119 dostarczania sildenafilu, oferuj\u0105c\u0105 wyra\u017ane zalety i wzgl\u0119dy w por\u00f3wnaniu z innymi metodami leczenia zaburze\u0144 erekcji.<\/p>\n<h2>Przegl\u0105d \u017celu doustnego Viagra<\/h2>\n<p>Viagra w \u017celu doustnym to stosunkowo nowa posta\u0107 dobrze znanego leku na zaburzenia erekcji (ED), cytrynianu sildenafilu. W przeciwie\u0144stwie do tradycyjnych tabletek, preparat ten ma posta\u0107 \u017celu, kt\u00f3ry jest \u0142atwy do po\u0142kni\u0119cia, co czyni go atrakcyjn\u0105 opcj\u0105 dla os\u00f3b, kt\u00f3re maj\u0105 trudno\u015bci z przyjmowaniem tabletek. Galaretka jest dost\u0119pna w r\u00f3\u017cnych smakach, co mo\u017ce poprawi\u0107 do\u015bwiadczenie u\u017cytkownika, oferuj\u0105c nie tylko rozwi\u0105zanie problemu zdrowotnego, ale tak\u017ce przyjemniejszy spos\u00f3b spo\u017cycia.<\/p>\n<p>Zaprojektowany, aby szybko si\u0119 rozpuszcza\u0107, Viagra Oral Jelly umo\u017cliwia szybsze wch\u0142anianie sk\u0142adnika aktywnego do krwioobiegu. Mo\u017ce to potencjalnie prowadzi\u0107 do szybszego rozpocz\u0119cia dzia\u0142ania, co jest kluczow\u0105 zalet\u0105 dla os\u00f3b poszukuj\u0105cych natychmiastowych efekt\u00f3w. Produkt cieszy si\u0119 szczeg\u00f3ln\u0105 popularno\u015bci\u0105 na rynkach, gdzie preferowane s\u0105 \u017cele doustne ze wzgl\u0119du na \u0142atwo\u015b\u0107 u\u017cycia i smakowito\u015b\u0107.<\/p>\n<h2>Jak dzia\u0142a \u017cel doustny Viagra<\/h2>\n<p>Podstawowy mechanizm dzia\u0142ania Viagry w \u017celu doustnym jest taki sam, jak w przypadku tradycyjnych tabletek sildenafilu. Dzia\u0142a poprzez hamowanie enzymu fosfodiesterazy typu 5 (PDE5), co powoduje rozlu\u017anienie \u015bcian naczy\u0144 krwiono\u015bnych i zwi\u0119kszenie przep\u0142ywu krwi do pr\u0105cia. Proces ten u\u0142atwia erekcj\u0119 w odpowiedzi na stymulacj\u0119 seksualn\u0105.<\/p>\n<p>Forma galaretki pozwala na szybsze wch\u0142anianie, co mo\u017ce skutkowa\u0107 szybszym wyst\u0105pieniem efekt\u00f3w w por\u00f3wnaniu do konwencjonalnych tabletek. U\u017cytkownicy cz\u0119sto zg\u0142aszaj\u0105 odczuwanie efekt\u00f3w w ci\u0105gu 15 do 30 minut po spo\u017cyciu, co jest znacz\u0105c\u0105 zalet\u0105 dla tych, kt\u00f3rzy wymagaj\u0105 bardziej spontanicznych rozwi\u0105za\u0144 na zaburzenia erekcji.<\/p>\n<h2>Podobie\u0144stwa mi\u0119dzy Viagr\u0105 w \u017celu doustnym a tradycyjn\u0105 Viagr\u0105<\/h2>\n<p>Zar\u00f3wno Viagra w \u017celu doustnym, jak i tradycyjne tabletki Viagra zawieraj\u0105 substancj\u0119 czynn\u0105 cytrynian sildenafilu. Oznacza to, \u017ce ich podstawowa funkcja \u2013 leczenie zaburze\u0144 erekcji poprzez zwi\u0119kszenie przep\u0142ywu krwi do pr\u0105cia \u2013 jest identyczna. Skuteczno\u015b\u0107 obu form opiera si\u0119 na tych samych procesach biologicznych i interakcjach enzymatycznych.<\/p>\n<p>Co wi\u0119cej, oba leki wymagaj\u0105 podniecenia seksualnego, aby wywo\u0142a\u0107 erekcj\u0119 i nie s\u0105 afrodyzjakami ani lekami na zaburzenia erekcji. Podobnie jak w przypadku tradycyjnych tabletek, galaretka doustna nie zapewnia ochrony przed infekcjami przenoszonymi drog\u0105 p\u0142ciow\u0105 (STI) ani nie zwi\u0119ksza samoistnie pop\u0119du seksualnego.<\/p>\n<h2>R\u00f3\u017cnice mi\u0119dzy Viagr\u0105 w \u017celu doustnym a tabletkami Sildenafilu<\/h2>\n<p>Podstawowa r\u00f3\u017cnica mi\u0119dzy Viagr\u0105 w \u017celu doustnym a tabletkami sildenafilu polega na ich sk\u0142adzie. Chocia\u017c tabletki nale\u017cy po\u0142yka\u0107 w ca\u0142o\u015bci, a zanim zacznie dzia\u0142a\u0107, mo\u017ce min\u0105\u0107 nawet godzina, galaretka zosta\u0142a zaprojektowana tak, aby szybko si\u0119 wch\u0142ania\u0142a i cz\u0119sto dzia\u0142a\u0142a w ci\u0105gu 15 do 30 minut. Mo\u017ce to by\u0107 korzystne dla os\u00f3b poszukuj\u0105cych szybszych rezultat\u00f3w.<\/p>\n<p>Dodatkowo opcje smakowe galaretki sprawiaj\u0105, \u017ce dla niekt\u00f3rych u\u017cytkownik\u00f3w jest ona smaczniejszym wyborem. Eliminuje to r\u00f3wnie\u017c potrzeb\u0119 korzystania z wody, co mo\u017ce by\u0107 czynnikiem zapewniaj\u0105cym wygod\u0119 osobom w podr\u00f3\u017cy. Jednak\u017ce okno skuteczno\u015bci galaretki jest zasadniczo podobne do dzia\u0142ania tabletek i trwa oko\u0142o czterech do sze\u015bciu godzin.<\/p>\n<h2>Por\u00f3wnanie czas\u00f3w wyst\u0105pienia: Viagra w \u017celu doustnym vs. Inne zabiegi na zaburzenia erekcji<\/h2>\n<p>Por\u00f3wnuj\u0105c czasy wyst\u0105pienia, Viagra Oral Jelly oferuje przewag\u0119 konkurencyjn\u0105 nad niekt\u00f3rymi innymi metodami leczenia zaburze\u0144 erekcji. Na przyk\u0142ad tradycyjne tabletki sildenafilu zwykle wymagaj\u0105 oko\u0142o godziny, aby zacz\u0105\u0107 dzia\u0142a\u0107, podczas gdy galaretka mo\u017ce dzia\u0142a\u0107 w mniej ni\u017c po\u0142ow\u0119 tego czasu.<\/p>\n<p>Inne leki na zaburzenia erekcji, <a href=\"https:\/\/bezpieczna-apteka.com\/zel-doustny-viagra-koszt-online-bez-recepty\">\u017bel Doustny Viagra 100mg Online<\/a> takie jak tadalafil, mog\u0105 zacz\u0105\u0107 dzia\u0142a\u0107 po oko\u0142o 30 minutach do dw\u00f3ch godzin, ale oferuj\u0105 d\u0142u\u017cszy czas dzia\u0142ania, trwaj\u0105cy do 36 godzin. To sprawia, \u017ce \u200b\u200bgalaretka jest szczeg\u00f3lnie atrakcyjna dla u\u017cytkownik\u00f3w oczekuj\u0105cych szybkich rezultat\u00f3w bez konieczno\u015bci d\u0142ugiego planowania wymaganego w przypadku innych opcji.<\/p>\n<h2>Dawkowanie i podawanie \u017celu doustnego Viagra<\/h2>\n<p>Viagra w \u017celu doustnym jest zazwyczaj dost\u0119pna w saszetkach 100 mg, co stanowi standardow\u0105 dawk\u0119 zalecan\u0105 dla wi\u0119kszo\u015bci u\u017cytkownik\u00f3w. Zaleca si\u0119 przyjmowanie \u017celu na oko\u0142o 15 do 30 minut przed planowan\u0105 aktywno\u015bci\u0105 seksualn\u0105. Galaretk\u0119 wyciska si\u0119 z saszetki i po\u0142yka bez konieczno\u015bci popijania wod\u0105.<\/p>\n<p>Pacjentom na og\u00f3\u0142 zaleca si\u0119, aby nie przekraczali jednej dawki w ci\u0105gu 24 godzin. Dawk\u0119 mo\u017cna dostosowa\u0107 w zale\u017cno\u015bci od indywidualnej reakcji i tolerancji, jednak wszelkie zmiany nale\u017cy wprowadza\u0107 po konsultacji z pracownikiem s\u0142u\u017cby zdrowia.<\/p>\n<h2>Skutki uboczne \u017celu doustnego Viagra w por\u00f3wnaniu z innymi lekami<\/h2>\n<p>Jak ka\u017cdy lek, Viagra w \u017celu mo\u017ce powodowa\u0107 dzia\u0142ania niepo\u017c\u0105dane, chocia\u017c nie u ka\u017cdego one wyst\u0105pi\u0105. Cz\u0119ste dzia\u0142ania niepo\u017c\u0105dane obejmuj\u0105 b\u00f3le g\u0142owy, uderzenia gor\u0105ca i niestrawno\u015b\u0107. S\u0105 one na og\u00f3\u0142 \u0142agodne i przemijaj\u0105ce. Profil skutk\u00f3w ubocznych \u017celu jest podobny do dzia\u0142ania tabletek sildenafilu, poniewa\u017c zawieraj\u0105 one t\u0119 sam\u0105 substancj\u0119 czynn\u0105.<\/p>\n<p>Dla por\u00f3wnania, inne leki na zaburzenia erekcji mog\u0105 mie\u0107 r\u00f3\u017cne skutki uboczne. Na przyk\u0142ad tadalafil cz\u0119sto wi\u0105\u017ce si\u0119 z b\u00f3lami mi\u0119\u015bni i b\u00f3lami plec\u00f3w. Wa\u017cne jest, aby u\u017cytkownicy om\u00f3wili potencjalne skutki uboczne ze swoim lekarzem, aby wybra\u0107 najbardziej odpowiedni lek.<\/p>\n<h2>Skuteczno\u015b\u0107 \u017celu doustnego Viagra vs. Tadalafil<\/h2>\n<p>Zar\u00f3wno Viagra Oral Jelly, jak i Tadalafil s\u0105 skutecznymi lekami na zaburzenia erekcji, ale r\u00f3\u017cni\u0105 si\u0119 czasem dzia\u0142ania. Podczas gdy Viagra w \u017celu doustnym zwykle wystarcza na oko\u0142o cztery do sze\u015bciu godzin, tadalafil mo\u017ce zapewni\u0107 ulg\u0119 do 36 godzin, dzi\u0119ki czemu zyska\u0142 przydomek &quot;pigu\u0142ka weekendowa.&quot;<\/p>\n<p>Pod wzgl\u0119dem skuteczno\u015bci wykazano, \u017ce oba leki znacz\u0105co poprawiaj\u0105 wyniki w zakresie erekcji. Wyb\u00f3r mi\u0119dzy nimi cz\u0119sto zale\u017cy bardziej od preferencji stylu \u017cycia i tego, jak szybko u\u017cytkownik chce, aby lek zacz\u0105\u0142 dzia\u0142a\u0107 po spo\u017cyciu.<\/p>\n<h2>Preferencje pacjenta: Viagra w \u017celu doustnym vs. Wardenafil<\/h2>\n<p>Preferencje pacjent\u00f3w dotycz\u0105ce Viagry w \u017celu doustnym i wardenafilu, innego inhibitora PDE5, mog\u0105 si\u0119 r\u00f3\u017cni\u0107 w zale\u017cno\u015bci od kilku czynnik\u00f3w. Niekt\u00f3re osoby wol\u0105 galaretk\u0119 ze wzgl\u0119du na jej szybkie dzia\u0142anie i \u0142atwo\u015b\u0107 u\u017cycia, szczeg\u00f3lnie je\u015bli maj\u0105 trudno\u015bci z po\u0142ykaniem tabletek.<\/p>\n<p>Wardenafil natomiast ceniony jest za nieco d\u0142u\u017cszy czas dzia\u0142ania w por\u00f3wnaniu do sildenafilu oraz skuteczno\u015b\u0107 u chorych na cukrzyc\u0119 z zaburzeniami erekcji. Ostatecznie wyb\u00f3r pacjenta cz\u0119sto sprowadza si\u0119 do osobistego do\u015bwiadczenia z lekami i konsultacji z lekarzem.<\/p>\n<h2>Por\u00f3wnanie koszt\u00f3w: Viagra w \u017celu doustnym i inne leki na zaburzenia erekcji<\/h2>\n<p>Koszt \u017celu doustnego Viagra mo\u017ce si\u0119 znacznie r\u00f3\u017cni\u0107 w zale\u017cno\u015bci od regionu i apteki. Zazwyczaj jego cena jest podobna do innych markowych lek\u00f3w na zaburzenia erekcji, takich jak tabletki Viagra i wardenafil. Jednak generyczne wersje sildenafilu lub tadalafilu mog\u0105 by\u0107 ta\u0144sze.<\/p>\n<p>Dla wielu na wyb\u00f3r leku wp\u0142yw ma zakres ubezpieczenia i dost\u0119pno\u015b\u0107 lek\u00f3w generycznych, kt\u00f3re zapewniaj\u0105 znaczne oszcz\u0119dno\u015bci. Wybieraj\u0105c leczenie ED, pacjenci powinni wzi\u0105\u0107 pod uwag\u0119 zar\u00f3wno koszt, jak i swoje specyficzne potrzeby.<\/p>\n<h2>Dost\u0119pno\u015b\u0107 \u017celu doustnego Viagra na ca\u0142ym \u015bwiecie<\/h2>\n<p>Viagra Oral Jelly jest dost\u0119pna w r\u00f3\u017cnych krajach, cho\u0107 jej dost\u0119pno\u015b\u0107 mo\u017ce by\u0107 ograniczona w por\u00f3wnaniu z tradycyjnymi tabletkami. Wyst\u0119puje najcz\u0119\u015bciej w Europie i cz\u0119\u015bciach Azji, z r\u00f3\u017cnym stopniem dost\u0119pno\u015bci w innych regionach.<\/p>\n<p>Zezwolenia regulacyjne r\u00f3\u017cni\u0105 si\u0119 w zale\u017cno\u015bci od kraju i wp\u0142ywaj\u0105 na to, gdzie i jak galaretka mo\u017ce by\u0107 sprzedawana. Pacjenci zainteresowani t\u0105 form\u0105 syldenafilu powinni skonsultowa\u0107 si\u0119 z lokalnymi aptekami lub platformami internetowymi w celu ustalenia dost\u0119pno\u015bci.<\/p>\n<h2>Interakcje \u017celu doustnego Viagra z innymi lekami<\/h2>\n<p>Viagra w \u017celu doustnym mo\u017ce wchodzi\u0107 w interakcje z niekt\u00f3rymi lekami, co mo\u017ce prowadzi\u0107 do dzia\u0142a\u0144 niepo\u017c\u0105danych. Na przyk\u0142ad po\u0142\u0105czenie go z azotanami, cz\u0119sto przepisywanymi na b\u00f3l w klatce piersiowej, mo\u017ce spowodowa\u0107 niebezpieczny spadek ci\u015bnienia krwi. Mo\u017ce r\u00f3wnie\u017c wchodzi\u0107 w interakcje z niekt\u00f3rymi antybiotykami i lekami przeciwgrzybiczymi.<\/p>\n<p>Pacjentom zaleca si\u0119 ujawnianie lekarzowi wszystkich przyjmowanych lek\u00f3w, aby unikn\u0105\u0107 potencjalnych interakcji. Jest to kluczowy krok w zapewnieniu bezpiecznego i skutecznego stosowania leku Viagra w \u017celu doustnym.<\/p>\n<h2>Wp\u0142yw \u017celu doustnego Viagra na styl \u017cycia i diet\u0119<\/h2>\n<p>Jedn\u0105 z zalet Viagry Oral Jelly jest jej elastyczno\u015b\u0107 w stosunku do po\u017cywienia. Podczas gdy obfite posi\u0142ki, szczeg\u00f3lnie te bogate w t\u0142uszcze, mog\u0105 op\u00f3\u017ania\u0107 dzia\u0142anie sildenafilu w postaci tabletek, galaretk\u0119 mo\u017cna przyjmowa\u0107 z posi\u0142kiem lub bez posi\u0142ku, przy minimalnym wp\u0142ywie na jego wch\u0142anianie.<\/p>\n<p>Spo\u017cycie alkoholu powinno by\u0107 umiarkowane, poniewa\u017c mo\u017ce zaostrzy\u0107 potencjalne skutki uboczne, takie jak zawroty g\u0142owy. U\u017cytkownicy powinni r\u00f3wnie\u017c mie\u0107 \u015bwiadomo\u015b\u0107, \u017ce czynniki stylu \u017cycia, takie jak stres i sen, mog\u0105 wp\u0142ywa\u0107 na og\u00f3ln\u0105 skuteczno\u015b\u0107 leku.<\/p>\n<h2>Zalecenia lekarza: Viagra w \u017celu doustnym vs. Zawodnicy<\/h2>\n<p>Lekarze zazwyczaj zalecaj\u0105 Viagr\u0119 w \u017celu doustnym pacjentom, kt\u00f3rzy wymagaj\u0105 szybko dzia\u0142aj\u0105cego roztworu na zaburzenia erekcji lub maj\u0105 trudno\u015bci z po\u0142ykaniem tabletek. Mog\u0105 go r\u00f3wnie\u017c zasugerowa\u0107 tym, kt\u00f3rzy preferuj\u0105 bardziej dyskretny spos\u00f3b podawania.<\/p>\n<p>Jednak\u017ce pacjentom, kt\u00f3rzy wymagaj\u0105 d\u0142u\u017cszego czasu dzia\u0142ania lub maj\u0105 szczeg\u00f3lne wzgl\u0119dy zdrowotne, lekarze mog\u0105 zaleci\u0107 alternatywne rozwi\u0105zania, takie jak tadalafil lub wardenafil. Docelowo zalecenia s\u0105 dostosowywane do indywidualnych potrzeb pacjenta i historii choroby.<\/p>\n<h2>Przysz\u0142e perspektywy dla \u017celu doustnego Viagra na rynku<\/h2>\n<p>Przysz\u0142o\u015b\u0107 Viagry w \u017celu doustnym na rynku wygl\u0105da obiecuj\u0105co, bior\u0105c pod uwag\u0119 rosn\u0105ce zapotrzebowanie na wygodne i szybko dzia\u0142aj\u0105ce leki na zaburzenia erekcji. Poniewa\u017c coraz wi\u0119cej pacjent\u00f3w szuka alternatyw dla tradycyjnych tabletek, na popularno\u015bci prawdopodobnie zyskaj\u0105 innowacje takie jak \u017celki doustne.<\/p>\n<p>Post\u0119p w technologii farmaceutycznej i wi\u0119kszy nacisk na rozwi\u0105zania skoncentrowane na pacjencie mog\u0105 prowadzi\u0107 do dalszego rozwoju w tej dziedzinie. Podczas gdy konkurencja pozostaje zaci\u0119ta, Viagra Oral Jelly ma dobr\u0105 pozycj\u0119, aby zdoby\u0107 znaczn\u0105 cz\u0119\u015b\u0107 rynku lek\u00f3w na zaburzenia erekcji.<\/p>\n","protected":false},"excerpt":{"rendered":"<p>Por\u00f3wnanie \u017celu doustnego Viagra z innymi lekami Viagra w \u017celu doustnym stanowi innowacyjn\u0105 form\u0119 dostarczania sildenafilu, oferuj\u0105c\u0105 wyra\u017ane zalety i wzgl\u0119dy w por\u00f3wnaniu z innymi metodami leczenia zaburze\u0144 erekcji. Przegl\u0105d \u017celu doustnego Viagra Viagra w \u017celu doustnym to stosunkowo nowa posta\u0107 dobrze znanego leku na zaburzenia erekcji (ED), cytrynianu sildenafilu. W przeciwie\u0144stwie do tradycyjnych tabletek,<\/p>\n<div><a class=\"btn-filled btn\" href=\"https:\/\/bouwstenenverhuur.brogt.nl\/index.php\/przeglad-zelu-doustnego-viagra\/\" title=\"Przegl\u0105d \u017celu doustnego Viagra\">Read More<\/a><\/div>\n","protected":false},"author":1,"featured_media":0,"parent":0,"menu_order":0,"comment_status":"closed","ping_status":"closed","template":"","meta":{"footnotes":""},"class_list":["post-55342","page","type-page","status-publish","hentry"],"_links":{"self":[{"href":"https:\/\/bouwstenenverhuur.brogt.nl\/index.php\/wp-json\/wp\/v2\/pages\/55342","targetHints":{"allow":["GET"]}}],"collection":[{"href":"https:\/\/bouwstenenverhuur.brogt.nl\/index.php\/wp-json\/wp\/v2\/pages"}],"about":[{"href":"https:\/\/bouwstenenverhuur.brogt.nl\/index.php\/wp-json\/wp\/v2\/types\/page"}],"author":[{"embeddable":true,"href":"https:\/\/bouwstenenverhuur.brogt.nl\/index.php\/wp-json\/wp\/v2\/users\/1"}],"replies":[{"embeddable":true,"href":"https:\/\/bouwstenenverhuur.brogt.nl\/index.php\/wp-json\/wp\/v2\/comments?post=55342"}],"version-history":[{"count":1,"href":"https:\/\/bouwstenenverhuur.brogt.nl\/index.php\/wp-json\/wp\/v2\/pages\/55342\/revisions"}],"predecessor-version":[{"id":55344,"href":"https:\/\/bouwstenenverhuur.brogt.nl\/index.php\/wp-json\/wp\/v2\/pages\/55342\/revisions\/55344"}],"wp:attachment":[{"href":"https:\/\/bouwstenenverhuur.brogt.nl\/index.php\/wp-json\/wp\/v2\/media?parent=55342"}],"curies":[{"name":"wp","href":"https:\/\/api.w.org\/{rel}","templated":true}]}}