{"id":55127,"date":"2026-03-25T00:06:59","date_gmt":"2026-03-25T00:06:59","guid":{"rendered":"https:\/\/bouwstenenverhuur.brogt.nl\/?page_id=55127"},"modified":"2026-03-25T00:06:59","modified_gmt":"2026-03-25T00:06:59","slug":"johdatus-eliquisiin-ja-sen-kayttoon","status":"publish","type":"page","link":"https:\/\/bouwstenenverhuur.brogt.nl\/index.php\/johdatus-eliquisiin-ja-sen-kayttoon\/","title":{"rendered":"Johdatus Eliquisiin ja sen k\u00e4ytt\u00f6\u00f6n"},"content":{"rendered":"<h1>Potilastarinat: mit\u00e4 ihmiset kertovat Eliquisist\u00e4<\/h1>\n<p>Tutkia todellisia potilaiden kokemuksia Eliquisist\u00e4 sen hy\u00f6dyist\u00e4 haasteisiin ja sen vaikutuksiin jokap\u00e4iv\u00e4iseen el\u00e4m\u00e4\u00e4n ja terveyteen.<\/p>\n<h2>Johdatus Eliquisiin ja sen k\u00e4ytt\u00f6\u00f6n<\/h2>\n<p>Eliquis, joka tunnetaan yleisesti nimell\u00e4 apiksabaani, on laajalti m\u00e4\u00e4r\u00e4tty antikoagulantti, jota k\u00e4ytet\u00e4\u00e4n ensisijaisesti est\u00e4m\u00e4\u00e4n verihyytymi\u00e4 potilailla, joilla on esimerkiksi eteisv\u00e4rin\u00e4, syv\u00e4 laskimotromboosi ja keuhkoembolia. Est\u00e4m\u00e4ll\u00e4 tekij\u00e4 Xa:ta, joka on t\u00e4rke\u00e4 osa veren hyytymisprosessia, Eliquis v\u00e4hent\u00e4\u00e4 tehokkaasti aivohalvauksen ja systeemisen embolian riski\u00e4.<\/p>\n<p>Eliquis, joka esiteltiin osana uudempaa antikoagulanttiluokkaa, nimelt\u00e4\u00e4n suoria oraalisia antikoagulantteja (DOAC), tarjoaa etuja perinteisiin hoitoihin, kuten varfariiniin verrattuna, mukaan lukien v\u00e4hemm\u00e4n ruokavaliorajoituksia eik\u00e4 s\u00e4\u00e4nn\u00f6llist\u00e4 veren seurantaa. S\u00e4\u00e4ntelyelinten eri puolilla maailmaa saama hyv\u00e4ksynt\u00e4 korostaa sen tehoa ja turvallisuutta, mik\u00e4 tekee siit\u00e4 suositun valinnan terveydenhuollon tarjoajien ja potilaiden keskuudessa.<\/p>\n<h2>My\u00f6nteisi\u00e4 kokemuksia Eliquis for Eteisv\u00e4rin\u00e4st\u00e4<\/h2>\n<p>Monet eteisv\u00e4rin\u00e4\u00e4 sairastavat potilaat raportoivat tilastaan \u200b\u200bmerkitt\u00e4v\u00e4st\u00e4 parannuksesta Eliquisiin siirtymisen j\u00e4lkeen. Helppok\u00e4ytt\u00f6isyys, joka vaatii vain kahdesti vuorokaudessa annettavan annoksen ilman s\u00e4\u00e4nn\u00f6llist\u00e4 INR-seurantaa, korostetaan usein suurena eduna. Potilaat arvostavat vapautta s\u00e4\u00e4nn\u00f6llisist\u00e4 verikokeista, jotka voivat olla aikaa vievi\u00e4 ja ep\u00e4mukavia.<\/p>\n<p>Joillekin Eliquis on ollut pelin muuttaja, joka on antanut heille mahdollisuuden harjoittaa toimintaa, joka oli aiemmin kielletty aivohalvauksen tai hyytymien muodostumisen pelon vuoksi. Yksil\u00f6t kertovat usein tarinoita luottamuksen palauttamisesta terveyteens\u00e4, osallistumisesta aktiivisemmin sosiaalisiin tapahtumiin ja jopa harrastuksistaan, jotka he olivat hyl\u00e4nneet tilansa vuoksi.<\/p>\n<h2>Sivuvaikutusten hallinta: Potilaan n\u00e4k\u00f6kulmat<\/h2>\n<p>Vaikka Eliquis on yleens\u00e4 hyvin siedetty, joillakin potilailla on sivuvaikutuksia, jotka voivat vaihdella lievist\u00e4 kohtalaisen vaikeisiin. Yleisimmin raportoituja ongelmia ovat mustelmat, maha-suolikanavan oireet ja satunnainen huimaus. Potilailla on yhteisi\u00e4 strategioita n\u00e4iden sivuvaikutusten selvitt\u00e4miseksi, kuten aterioiden ajoituksen s\u00e4\u00e4t\u00e4minen pahoinvoinnin lievitt\u00e4miseksi tai riitt\u00e4v\u00e4n nesteytyksen varmistaminen.<\/p>\n<p>Viestint\u00e4 terveydenhuollon tarjoajien kanssa on ratkaisevan t\u00e4rke\u00e4\u00e4 n\u00e4iden sivuvaikutusten hallinnassa. Monet potilaat korostavat, ett\u00e4 on t\u00e4rke\u00e4\u00e4 ilmoittaa ep\u00e4tavallisista oireista v\u00e4litt\u00f6m\u00e4sti l\u00e4\u00e4k\u00e4rilleen, koska annostuksen muuttaminen tai lis\u00e4hoito voi olla tarpeen. Kaiken kaikkiaan useimmat potilaat huomaavat, ett\u00e4 Eliquisin hy\u00f6dyt hyytymien ehk\u00e4isyss\u00e4 ovat paljon suuremmat kuin sivuvaikutuksista aiheutuvat haitat.<\/p>\n<h2>Eliquisin vertaaminen muihin antikoagulantteihin<\/h2>\n<p>Potilaat usein punnitsevat Eliquisin hyvi\u00e4 ja huonoja puolia muihin antikoagulantteihin, kuten varfariiniin, dabigatraaniin ja rivaroksabaaniin verrattuna. Potilaskertomuksissa yleinen teema on Eliquisin k\u00e4ytt\u00f6mukavuus verrattuna varfariiniin, mik\u00e4 vaatii s\u00e4\u00e4nn\u00f6llist\u00e4 seurantaa ja ruokavaliorajoituksia. Monet potilaat raportoivat sujuvammasta kokemuksesta Eliquis-hoidon kanssa, koska heill\u00e4 on v\u00e4hemm\u00e4n yhteisvaikutuksia ruoan ja muiden l\u00e4\u00e4kkeiden kanssa.<\/p>\n<p>Muihin DOAC-l\u00e4\u00e4kkeisiin verrattuna jotkut potilaat pit\u00e4v\u00e4t Eliquis-valmisteesta sen suotuisan sivuvaikutusprofiilin ja annostusaikataulun vuoksi. Yksil\u00f6lliset vastaukset voivat kuitenkin vaihdella, ja se, mik\u00e4 toimii yhdelle potilaalle, ei v\u00e4ltt\u00e4m\u00e4tt\u00e4 ole ihanteellinen toiselle. Keskustelut terveydenhuollon tarjoajien kanssa ovat v\u00e4ltt\u00e4m\u00e4tt\u00f6mi\u00e4 parhaan antikoagulantin m\u00e4\u00e4ritt\u00e4miseksi kunkin potilaan yksil\u00f6llisiin tarpeisiin ja el\u00e4m\u00e4ntapaan.<\/p>\n<h2>Pitk\u00e4aikaiset k\u00e4ytt\u00e4j\u00e4t: Kuinka Eliquis sopii jokap\u00e4iv\u00e4iseen el\u00e4m\u00e4\u00e4n<\/h2>\n<p>Niille, jotka ovat k\u00e4ytt\u00e4neet Eliquis-hoitoa pitk\u00e4\u00e4n, l\u00e4\u00e4kkeest\u00e4 tulee usein saumaton osa heid\u00e4n p\u00e4ivitt\u00e4ist\u00e4 rutiinia. Monet pitk\u00e4aikaisk\u00e4ytt\u00e4j\u00e4t kuvailevat, kuinka yksinkertaisuus ottaa pilleri kahdesti p\u00e4iv\u00e4ss\u00e4 mahdollistaa hoidon integroinnin el\u00e4m\u00e4\u00e4ns\u00e4 ilman merkitt\u00e4vi\u00e4 h\u00e4iri\u00f6it\u00e4.<\/p>\n<p>Potilaat kertovat usein, ett\u00e4 kun <a href=\"https:\/\/nopeaapteekki.com\/tilaus-eliquis-ilman-reseptia\">Tilaus Apixaban<\/a> he ovat luoneet rutiinin, Eliquisin ottamisen muistamisesta tulee toinen luonto. Jotkut k\u00e4ytt\u00e4v\u00e4t muistutuksia, kuten h\u00e4lytyksi\u00e4 tai pillereiden j\u00e4rjest\u00e4ji\u00e4, varmistaakseen noudattamisen. Mielenrauha, jonka saa tieto siit\u00e4, ett\u00e4 he ovat suojassa mahdollisesti hengenvaarallisia hyytymi\u00e4 vastaan, on n\u00e4iden henkil\u00f6iden keskuudessa toistuva tunne.<\/p>\n<h2>Tarinoita el\u00e4m\u00e4nlaadun parantamisesta Eliquisiss\u00e4<\/h2>\n<p>Lukuisat potilastarinat korostavat, kuinka Eliquis on johtanut heid\u00e4n el\u00e4m\u00e4nlaadun huomattavaan paranemiseen. Vapautuneena jatkuvasta aivohalvauksen tai vakavan hyytymistapahtuman aiheuttamasta huolesta, potilaat kertovat olevansa vapautuneempia ja pystyv\u00e4ns\u00e4 nauttimaan el\u00e4m\u00e4st\u00e4 t\u00e4ysill\u00e4. Aktiviteetit, kuten matkustaminen, kuntoilu ja perheen kanssa viett\u00e4minen, tulevat helpommin saavutettaviksi ja nautittavammiksi.<\/p>\n<p>N\u00e4m\u00e4 kertomukset heijastavat usein uutta turvallisuuden ja elinvoiman tunnetta, ja potilaat ilmaisevat kiitollisuutta Eliquisin tuomasta vakaudesta. T\u00e4llaiset parannukset eiv\u00e4t ole vain fyysisi\u00e4 vaan my\u00f6s henkisi\u00e4, sill\u00e4 terveyteen liittyv\u00e4n ahdistuksen taakan v\u00e4hent\u00e4minen edist\u00e4\u00e4 merkitt\u00e4v\u00e4sti yleist\u00e4 hyvinvoinnin tunnetta.<\/p>\n<h2>Potilaiden esiin tuomat haasteet ja huolenaiheet<\/h2>\n<p>Eduista huolimatta jotkut potilaat ilmaisevat huolensa Eliquisist\u00e4, erityisesti sen kustannuksista ja vakuutusturvasta. L\u00e4\u00e4kkeen korkea hinta voi olla este niille, joilla ei ole kattavaa sairausvakuutusta, jolloin jotkut hakeutuvat taloudelliseen apuun tai vaihtoehtoisiin hoitoihin.<\/p>\n<p>Lis\u00e4ksi verenvuodon riski, vaikka se on pienempi kuin varfariinilla, on edelleen huolenaihe monille. Potilaat keskustelevat usein siit\u00e4, kuinka t\u00e4rke\u00e4\u00e4 on olla valppaana sis\u00e4isen verenvuodon merkeiss\u00e4 ja v\u00e4litt\u00f6m\u00e4n l\u00e4\u00e4k\u00e4rinhoidon tarpeesta, jos t\u00e4llaisia \u200b\u200boireita ilmaantuu. N\u00e4m\u00e4 huolenaiheet korostavat jatkuvan koulutuksen ja potilaiden ja heid\u00e4n terveydenhuollon tarjoajiensa v\u00e4lisen vuoropuhelun tarvetta.<\/p>\n<h2>Terveydenhuollon tarjoajien rooli Eliquis-hoidossa<\/h2>\n<p>Terveydenhuollon tarjoajilla on keskeinen rooli Eliquis-potilaiden menestyksekk\u00e4\u00e4ss\u00e4 hoidossa. Heid\u00e4n velvollisuuksiinsa kuuluu potilaiden kouluttaminen l\u00e4\u00e4kkeest\u00e4, sen mahdollisista sivuvaikutuksista ja m\u00e4\u00e4r\u00e4ttyjen annosten noudattamisen t\u00e4rkeydest\u00e4. Palveluntarjoajat toimivat usein tuen ja vakuutuksen l\u00e4htein\u00e4, jotka k\u00e4sittelev\u00e4t potilaiden huolenaiheita ja seuraavat heid\u00e4n edistymist\u00e4\u00e4n.<\/p>\n<p>S\u00e4\u00e4nn\u00f6llinen sis\u00e4\u00e4nkirjautuminen ja avoimet viestint\u00e4kanavat potilaiden ja palveluntarjoajien v\u00e4lill\u00e4 auttavat varmistamaan, ett\u00e4 kaikkiin ongelmiin puututaan ripe\u00e4sti. T\u00e4m\u00e4 yhteisty\u00f6h\u00f6n perustuva l\u00e4hestymistapa edist\u00e4\u00e4 luottamuksellista suhdetta ja rohkaisee potilaita olemaan aktiivisia terveydell\u00e4\u00e4n ja hoitomatkallaan.<\/p>\n<h2>Potilasvinkkej\u00e4 uusille Eliquis-k\u00e4ytt\u00e4jille<\/h2>\n<p>Kokeneet Eliquis-k\u00e4ytt\u00e4j\u00e4t jakavat usein arvokkaita neuvoja uusille tulokkaille. Yksi yleinen vinkki on asettaa johdonmukainen aikataulu l\u00e4\u00e4kkeen ottamiseen ja sovittaa se p\u00e4ivitt\u00e4isiin rutiineihin, kuten aterioihin tai nukkumaanmenoaikaan. T\u00e4m\u00e4 auttaa s\u00e4ilytt\u00e4m\u00e4\u00e4n kiinnittymisen ja minimoimaan unohtuneet annokset.<\/p>\n<p>Toinen neuvo on pit\u00e4\u00e4 luettelo kaikista l\u00e4\u00e4kkeist\u00e4 ja lis\u00e4ravinteista ja jakaa se terveydenhuollon tarjoajien kanssa mahdollisten yhteisvaikutusten tarkistamiseksi. Uusia k\u00e4ytt\u00e4ji\u00e4 kannustetaan my\u00f6s pysym\u00e4\u00e4n ajan tasalla tilastaan \u200b\u200bja hoitovaihtoehdoistaan, mik\u00e4 antaa heille mahdollisuuden tehd\u00e4 valistettuja p\u00e4\u00e4t\u00f6ksi\u00e4 terveydest\u00e4\u00e4n.<\/p>\n<h2>Eliquis ja el\u00e4m\u00e4ntapamuutokset: Esimerkkej\u00e4 tosiel\u00e4m\u00e4st\u00e4<\/h2>\n<p>Eliquis-el\u00e4m\u00e4\u00e4n sopeutuminen edellytt\u00e4\u00e4 usein tiettyjen el\u00e4m\u00e4ntapamuutosten tekemist\u00e4. Joillekin t\u00e4m\u00e4 tarkoittaa terveellisemm\u00e4n ruokavalion omaksumista ja s\u00e4\u00e4nn\u00f6llisen liikunnan sis\u00e4llytt\u00e4mist\u00e4 rutiineihinsa yleisen syd\u00e4n- ja verisuoniterveyden tukemiseksi. Potilaat mainitsevat my\u00f6s, ett\u00e4 on t\u00e4rke\u00e4\u00e4 pysy\u00e4 nesteytyksess\u00e4 ja v\u00e4ltt\u00e4\u00e4 toimintoja, jotka lis\u00e4\u00e4v\u00e4t loukkaantumis- ja verenvuotoriski\u00e4.<\/p>\n<p>Tosiel\u00e4m\u00e4n esimerkkej\u00e4 onnistuneista el\u00e4m\u00e4ntapamuutoksista ovat v\u00e4h\u00e4vaikutteiset harjoitukset, kuten k\u00e4vely tai uinti, jotka eiv\u00e4t todenn\u00e4k\u00f6isesti aiheuta vammoja. Potilaat korostavat my\u00f6s mindfulness-k\u00e4yt\u00e4nt\u00f6jen, kuten joogan tai meditaation, etuja stressin hallinnassa ja tasapainoisen el\u00e4m\u00e4ntavan yll\u00e4pit\u00e4misess\u00e4 Eliquis-hoidon aikana.<\/p>\n<h2>Mielipiteit\u00e4 Warfarinin Eliquisiin vaihtamisesta<\/h2>\n<p>Monet potilaat, jotka siirtyv\u00e4t varfariinista Eliquisiin, kertovat parantuneensa merkitt\u00e4v\u00e4sti el\u00e4m\u00e4nlaadussaan. Varfariiniin liittyvien s\u00e4\u00e4nn\u00f6llisten INR-tarkastusten ja ruokavaliorajoitusten poistamista pidet\u00e4\u00e4n usein suurena helpotuksena. Potilaat arvostavat Eliquisin tarjoamaa joustavuutta, jonka ansiosta he voivat nauttia monipuolisesta ruokavaliosta ja v\u00e4hemm\u00e4n klinikkak\u00e4ynneist\u00e4.<\/p>\n<p>Kertomuksissa mainitaan usein alkuper\u00e4inen pelko l\u00e4\u00e4kkeen vaihtamisesta, mutta korostetaan sujuvaa siirtymist\u00e4 ja lis\u00e4\u00e4ntynytt\u00e4 tyytyv\u00e4isyytt\u00e4 Eliquisiin. Entiset varfariinin k\u00e4ytt\u00e4j\u00e4t sanovat usein, ett\u00e4 Eliquis tarjoaa nykyaikaisemman ja potilasyst\u00e4v\u00e4llisemm\u00e4n l\u00e4hestymistavan antikoagulaatiohoitoon.<\/p>\n<h2>Kokemuksia Eliquisist\u00e4 matkan aikana<\/h2>\n<p>Usein matkustaville potilaille Eliquis tarjoaa mukavuutta ja mielenrauhaa. S\u00e4\u00e4nn\u00f6llisten verikokeiden puuttuminen tarkoittaa, ett\u00e4 potilaat voivat matkustaa ilman huolta testaustilojen sijainnista ulkomailla. T\u00e4t\u00e4 vapautta arvostavat erityisesti ne, jotka matkustavat ty\u00f6n tai huvin vuoksi.<\/p>\n<p>Potilaat jakavat kokemuksiaan siit\u00e4, kuinka he hallitsevat l\u00e4\u00e4kitysaikatauluaan eri aikavy\u00f6hykkeill\u00e4, usein suunnittelemalla etuk\u00e4teen varmistaakseen, ett\u00e4 heill\u00e4 on riitt\u00e4v\u00e4sti l\u00e4\u00e4kityst\u00e4 matkaansa varten. T\u00e4m\u00e4n suunnittelun ansiosta he voivat keskitty\u00e4 matkakokemuksiinsa hoitonsa logistiikan sijaan.<\/p>\n<h2>Tukiverkostot ja resurssit Eliquis-k\u00e4ytt\u00e4jille<\/h2>\n<p>Tukiverkostoilla on ratkaiseva rooli Eliquisin k\u00e4ytt\u00e4jien el\u00e4m\u00e4ss\u00e4. Monet potilaat l\u00f6yt\u00e4v\u00e4t lohtua yhteydenpidosta muihin, joilla on samanlaisia \u200b\u200bkokemuksia joko verkkofoorumien tai paikallisten tukiryhmien kautta. N\u00e4m\u00e4 alustat tarjoavat tilan jakaa tarinoita, esitt\u00e4\u00e4 kysymyksi\u00e4 ja saada rohkaisua.<\/p>\n<p>Terveydenhuollon tarjoajat ja potilaiden edunvalvontaj\u00e4rjest\u00f6t tarjoavat usein resursseja ja koulutusmateriaaleja auttaakseen potilaita ymm\u00e4rt\u00e4m\u00e4\u00e4n ja hallitsemaan hoitoaan. Luotettavan tiedon ja yhteis\u00f6n tuen saatavuus edist\u00e4\u00e4 merkitt\u00e4v\u00e4sti potilaiden yleist\u00e4 my\u00f6nteist\u00e4 kokemusta Eliquis-hoidosta.<\/p>\n<h2>Eliquis-hoidon tulevaisuuden toiveet ja odotukset<\/h2>\n<p>Antikoagulaatiotutkimuksen ja -kehityksen jatkuessa potilaat toivovat, ett\u00e4 Eliquis-hoidossa saavutetaan viel\u00e4 suurempia edistysaskeleita. Monet odottavat tulevaa kehityst\u00e4, joka voi tarjota parempia turvallisuusprofiileja, alentaa kustannuksia ja parantaa saavutettavuutta.<\/p>\n<p>Potilaat ovat edelleen optimistisia hoitonsa suhteen ja odottavat innovaatioita, jotka voisivat yksinkertaistaa heid\u00e4n tilansa hallintaa entisest\u00e4\u00e4n. Eliquis-hoidon tulevaisuus lupaa viel\u00e4kin parempia terveydellisi\u00e4 tuloksia ja el\u00e4m\u00e4nlaatua hyytymish\u00e4iri\u00f6ist\u00e4 k\u00e4rsivien potilaiden uusien formulaatioiden tai parannettujen potilaiden koulutushankkeiden kautta.<\/p>\n<h2>Johtop\u00e4\u00e4t\u00f6s: Yhteenveto potilaiden kokemuksista Eliquisist\u00e4<\/h2>\n<p>Potilastarinat Eliquisist\u00e4 antavat kattavan kuvan sen vaikutuksista heid\u00e4n el\u00e4m\u00e4\u00e4ns\u00e4. Eliquis on vaikuttanut merkitt\u00e4v\u00e4sti hyytymish\u00e4iri\u00f6iden hallintaan tarjoamansa mukavuudesta ja tehokkuudesta joihinkin kohtaamiin haasteisiin. Kun potilaat jakavat matkansa, he antavat arvokkaita n\u00e4kemyksi\u00e4 antikoagulaatiohoidon kanssa el\u00e4misen todellisuudesta.<\/p>\n<p>Kaiken kattava kertomus on kiitollisuutta ja sopeutumiskyky\u00e4. Vaikka haasteita on, Eliquisin edist\u00e4m\u00e4t my\u00f6nteiset muutokset terveydess\u00e4 ja el\u00e4m\u00e4ntavoissa ovat kiistattomat. Kun potilaat ja terveydenhuollon tarjoajat ty\u00f6skentelev\u00e4t yhdess\u00e4, kollektiivinen kokemus kehittyy edelleen, mik\u00e4 tasoittaa tiet\u00e4 paremmille hoitovaihtoehdoille ja -tuloksille.<\/p>\n","protected":false},"excerpt":{"rendered":"<p>Potilastarinat: mit\u00e4 ihmiset kertovat Eliquisist\u00e4 Tutkia todellisia potilaiden kokemuksia Eliquisist\u00e4 sen hy\u00f6dyist\u00e4 haasteisiin ja sen vaikutuksiin jokap\u00e4iv\u00e4iseen el\u00e4m\u00e4\u00e4n ja terveyteen. Johdatus Eliquisiin ja sen k\u00e4ytt\u00f6\u00f6n Eliquis, joka tunnetaan yleisesti nimell\u00e4 apiksabaani, on laajalti m\u00e4\u00e4r\u00e4tty antikoagulantti, jota k\u00e4ytet\u00e4\u00e4n ensisijaisesti est\u00e4m\u00e4\u00e4n verihyytymi\u00e4 potilailla, joilla on esimerkiksi eteisv\u00e4rin\u00e4, syv\u00e4 laskimotromboosi ja keuhkoembolia. Est\u00e4m\u00e4ll\u00e4 tekij\u00e4 Xa:ta, joka on t\u00e4rke\u00e4<\/p>\n<div><a class=\"btn-filled btn\" href=\"https:\/\/bouwstenenverhuur.brogt.nl\/index.php\/johdatus-eliquisiin-ja-sen-kayttoon\/\" title=\"Johdatus Eliquisiin ja sen k\u00e4ytt\u00f6\u00f6n\">Read More<\/a><\/div>\n","protected":false},"author":1,"featured_media":0,"parent":0,"menu_order":0,"comment_status":"closed","ping_status":"closed","template":"","meta":{"footnotes":""},"class_list":["post-55127","page","type-page","status-publish","hentry"],"_links":{"self":[{"href":"https:\/\/bouwstenenverhuur.brogt.nl\/index.php\/wp-json\/wp\/v2\/pages\/55127","targetHints":{"allow":["GET"]}}],"collection":[{"href":"https:\/\/bouwstenenverhuur.brogt.nl\/index.php\/wp-json\/wp\/v2\/pages"}],"about":[{"href":"https:\/\/bouwstenenverhuur.brogt.nl\/index.php\/wp-json\/wp\/v2\/types\/page"}],"author":[{"embeddable":true,"href":"https:\/\/bouwstenenverhuur.brogt.nl\/index.php\/wp-json\/wp\/v2\/users\/1"}],"replies":[{"embeddable":true,"href":"https:\/\/bouwstenenverhuur.brogt.nl\/index.php\/wp-json\/wp\/v2\/comments?post=55127"}],"version-history":[{"count":1,"href":"https:\/\/bouwstenenverhuur.brogt.nl\/index.php\/wp-json\/wp\/v2\/pages\/55127\/revisions"}],"predecessor-version":[{"id":55129,"href":"https:\/\/bouwstenenverhuur.brogt.nl\/index.php\/wp-json\/wp\/v2\/pages\/55127\/revisions\/55129"}],"wp:attachment":[{"href":"https:\/\/bouwstenenverhuur.brogt.nl\/index.php\/wp-json\/wp\/v2\/media?parent=55127"}],"curies":[{"name":"wp","href":"https:\/\/api.w.org\/{rel}","templated":true}]}}