{"id":55044,"date":"2026-03-24T23:41:30","date_gmt":"2026-03-24T23:41:30","guid":{"rendered":"https:\/\/bouwstenenverhuur.brogt.nl\/?page_id=55044"},"modified":"2026-03-24T23:41:30","modified_gmt":"2026-03-24T23:41:30","slug":"pochopenie-silagra-co-to-je-a-ako-to-funguje","status":"publish","type":"page","link":"https:\/\/bouwstenenverhuur.brogt.nl\/index.php\/pochopenie-silagra-co-to-je-a-ako-to-funguje\/","title":{"rendered":"Pochopenie Silagra: \u010co to je a ako to funguje"},"content":{"rendered":"<h1>Pl\u00e1novanie v\u00edkendu so Silagrou: na\u010dasovanie, jedlo a alkohol<\/h1>\n<p>Za\u010dlenenie Silagra do va\u0161ich v\u00edkendov\u00fdch pl\u00e1nov zah\u0155\u0148a pochopenie jej na\u010dasovania, stravovac\u00edch h\u013ead\u00edsk a vplyvu alkoholu, \u010d\u00edm sa zabezpe\u010d\u00ed vyv\u00e1\u017een\u00fd a pr\u00edjemn\u00fd z\u00e1\u017eitok.<\/p>\n<h2>Pochopenie Silagra: \u010co to je a ako to funguje<\/h2>\n<p>Silagra je liek pou\u017e\u00edvan\u00fd na lie\u010dbu erektilnej dysfunkcie u mu\u017eov. Obsahuje sildenafil citr\u00e1t, rovnak\u00fa akt\u00edvnu zlo\u017eku, ktor\u00e1 sa nach\u00e1dza vo Viagre, a p\u00f4sob\u00ed tak, \u017ee zvy\u0161uje prietok krvi do penisu, \u010d\u00edm pom\u00e1ha dosiahnu\u0165 a udr\u017ea\u0165 erekciu po\u010das sexu\u00e1lnej aktivity. Pre mnoh\u00fdch predstavuje spo\u013eahliv\u00e9 rie\u0161enie na zv\u00fd\u0161enie sexu\u00e1lnej v\u00fdkonnosti a sebavedomia.<\/p>\n<p>Mechanizmus Silagra zah\u0155\u0148a inhib\u00edciu enz\u00fdmu fosfodiester\u00e1zy typu-5 (PDE5), \u010do vedie k relax\u00e1cii krvn\u00fdch ciev v penise. Tento proces u\u013eah\u010duje erekciu v kombin\u00e1cii so sexu\u00e1lnou stimul\u00e1ciou. Aj ke\u010f je \u00fa\u010dinn\u00fd, je nevyhnutn\u00e9 pochopi\u0165, ako ho optim\u00e1lne pou\u017e\u00edva\u0165, aby ste zaistili najlep\u0161ie v\u00fdsledky a vyhli sa potenci\u00e1lnym ved\u013eaj\u0161\u00edm \u00fa\u010dinkom.<\/p>\n<h2>Ide\u00e1lne na\u010dasovanie na u\u017e\u00edvanie Silagra cez v\u00edkend<\/h2>\n<p>Na\u010dasovanie je rozhoduj\u00face, pokia\u013e ide o u\u017e\u00edvanie Silagra. Tabletu sa odpor\u00fa\u010da u\u017ei\u0165 pribli\u017ene hodinu pred pl\u00e1novanou sexu\u00e1lnou aktivitou. To umo\u017e\u0148uje, aby sa liek absorboval a za\u010dal \u00fa\u010dinne p\u00f4sobi\u0165. \u00da\u010dinky v\u0161ak m\u00f4\u017eu trva\u0165 a\u017e \u0161tyri a\u017e p\u00e4\u0165 hod\u00edn, \u010do pon\u00faka pr\u00edle\u017eitos\u0165 na spont\u00e1nnu intimitu.<\/p>\n<p>Pri pl\u00e1novan\u00ed v\u00edkendu zv\u00e1\u017ete, ako dlho chcete, aby \u00fa\u010dinky vydr\u017eali, a konkr\u00e9tne na\u010dasovanie va\u0161ich aktiv\u00edt. Pr\u00edli\u0161 skor\u00e9 u\u017e\u00edvanie Silagra m\u00f4\u017ee vies\u0165 k zn\u00ed\u017eeniu \u00fa\u010dinku, zatia\u013e \u010do pr\u00edli\u0161 neskor\u00e9 u\u017e\u00edvanie m\u00f4\u017ee vies\u0165 k prem\u00e1rnen\u00fdm pr\u00edle\u017eitostiam. Zos\u00faladenie na\u010dasovania s va\u0161imi pl\u00e1nmi m\u00f4\u017ee zabezpe\u010di\u0165 maxim\u00e1lny p\u00f4\u017eitok a \u00fa\u010dinnos\u0165.<\/p>\n<h2>Ako jedl\u00e1 ovplyv\u0148uj\u00fa \u00fa\u010dinnos\u0165 Silagra<\/h2>\n<p>Jedl\u00e1 m\u00f4\u017eu v\u00fdrazne ovplyvni\u0165 fungovanie Silagra. \u0164a\u017ek\u00e9 jedlo alebo jedlo s vysok\u00fdm obsahom tuku m\u00f4\u017ee oddiali\u0165 absorpciu lieku, zn\u00ed\u017ei\u0165 jeho \u00fa\u010dinnos\u0165 alebo oddiali\u0165 n\u00e1stup \u00fa\u010dinku. Pre optimaliz\u00e1ciu v\u00fdsledkov je vhodn\u00e9 u\u017e\u00edva\u0165 Silagru nala\u010dno alebo po \u013eahkom jedle.<\/p>\n<p>Aj ke\u010f nemus\u00edte \u00faplne vynech\u00e1va\u0165 jedl\u00e1, dba\u0165 na to, \u010do a kedy jete, m\u00f4\u017ee zmeni\u0165. Vyv\u00e1\u017een\u00fd pr\u00edstup, s miernym jedlom pred u\u017eit\u00edm Silagra, m\u00f4\u017ee pom\u00f4c\u0165 udr\u017ea\u0165 jej \u00fa\u010dinnos\u0165 a zabezpe\u010di\u0165 bezprobl\u00e9mov\u00fd z\u00e1\u017eitok.<\/p>\n<h2>\u00daloha alkoholu pri u\u017e\u00edvan\u00ed Silagra<\/h2>\n<p>Konzum\u00e1cia alkoholu je \u010dasto s\u00fa\u010das\u0165ou spolo\u010densk\u00fdch a int\u00edmnych prostred\u00ed, ale so Silagrou m\u00f4\u017ee p\u00f4sobi\u0165 nieko\u013ek\u00fdmi sp\u00f4sobmi. Mierne mno\u017estv\u00e1 alkoholu sa vo v\u0161eobecnosti pova\u017euj\u00fa za bezpe\u010dn\u00e9; nadmern\u00e9 pitie v\u0161ak m\u00f4\u017ee zv\u00fd\u0161i\u0165 pravdepodobnos\u0165 ved\u013eaj\u0161\u00edch \u00fa\u010dinkov, ako s\u00fa z\u00e1vraty a bolesti hlavy, a m\u00f4\u017ee tie\u017e zhor\u0161i\u0165 schopnos\u0165 dosiahnu\u0165 erekciu.<\/p>\n<p>Pre zaistenie bezpe\u010dn\u00e9ho a pr\u00edjemn\u00e9ho z\u00e1\u017eitku sa odpor\u00fa\u010da po\u010das u\u017e\u00edvania Silagra obmedzi\u0165 pr\u00edjem alkoholu. To nielen zni\u017euje riziko ne\u017eiaducich ved\u013eaj\u0161\u00edch \u00fa\u010dinkov, ale tie\u017e zvy\u0161uje celkov\u00fd v\u00fdkon a spokojnos\u0165.<\/p>\n<h2>Potraviny, ktor\u00fdm sa treba vyhn\u00fa\u0165 pri u\u017e\u00edvan\u00ed Silagra<\/h2>\n<p>Niektor\u00e9 potraviny m\u00f4\u017eu interferova\u0165 s \u00fa\u010dinnos\u0165ou Silagra. Je zn\u00e1me, \u017ee grapefruit a grapefruitov\u00e1 \u0161\u0165ava zvy\u0161uj\u00fa hladiny sildenafilu v krvnom obehu, \u010do m\u00f4\u017ee vies\u0165 k ne\u017eiaducim \u00fa\u010dinkom. Navy\u0161e tu\u010dn\u00e9 jedl\u00e1 m\u00f4\u017eu spomali\u0165 vstreb\u00e1vanie a zn\u00ed\u017ei\u0165 jeho \u00fa\u010dinnos\u0165.<\/p>\n<p>Ak chcete maximalizova\u0165 v\u00fdhody Silagra, je najlep\u0161ie <a href=\"https:\/\/lekarneonline.net\/silagra-bez-predpisu\">K\u00fapi\u0165 Silagra<\/a> vyhn\u00fa\u0165 sa t\u00fdmto potravin\u00e1m v \u010dase u\u017e\u00edvania liekov. V\u00fdber \u013eah\u0161\u00edch a zdrav\u0161\u00edch jed\u00e1l m\u00f4\u017ee podpori\u0165 \u00fa\u010dinnos\u0165 lieku a prispie\u0165 k pr\u00edjemnej\u0161iemu z\u00e1\u017eitku.<\/p>\n<h2>Najlep\u0161ie postupy pre v\u00edkendov\u00fd pl\u00e1n Silagra<\/h2>\n<p>Pl\u00e1novanie v\u00edkendu so Silagrou zah\u0155\u0148a viac ako len na\u010dasovanie a jedlo. Zv\u00e1\u017ete celkov\u00fa atmosf\u00e9ru a aktivity, ktor\u00e9 m\u00e1te na mysli. Vytvorenie uvo\u013enen\u00e9ho a bezstresov\u00e9ho prostredia m\u00f4\u017ee zv\u00fd\u0161i\u0165 \u00fa\u010dinky lieku a vies\u0165 k pr\u00edjemnej\u0161iemu z\u00e1\u017eitku.<\/p>\n<p>Otvorene komunikujte s partnerom o svojich pl\u00e1noch a o\u010dak\u00e1vaniach. To m\u00f4\u017ee pom\u00f4c\u0165 zmierni\u0165 ak\u00fako\u013evek \u00fazkos\u0165 a zabezpe\u010di\u0165, aby sa obe strany c\u00edtili pohodlne a pripraven\u00e9. Navy\u0161e, ma\u0165 z\u00e1lo\u017en\u00fd pl\u00e1n pre pr\u00edpad nepredv\u00eddan\u00fdch okolnost\u00ed m\u00f4\u017ee zabezpe\u010di\u0165 v\u00edkendov\u00fa z\u00e1bavu a bez stresu.<\/p>\n<h2>Silagra a alkohol: N\u00e1jdenie spr\u00e1vnej rovnov\u00e1hy<\/h2>\n<p>N\u00e1js\u0165 spr\u00e1vnu rovnov\u00e1hu medzi konzum\u00e1ciou alkoholu a u\u017e\u00edvan\u00edm Silagra je k\u013e\u00fa\u010dom k \u00faspe\u0161n\u00e9mu v\u00edkendu. Umiernenos\u0165 je nevyhnutn\u00e1, preto\u017ee pr\u00edli\u0161 ve\u013ea alkoholu m\u00f4\u017ee nielen zn\u00ed\u017ei\u0165 \u00fa\u010dinnos\u0165 lieku, ale m\u00f4\u017ee vies\u0165 aj k ne\u017eiaducim ved\u013eaj\u0161\u00edm \u00fa\u010dinkom.<\/p>\n<p>Zv\u00e1\u017ete stanovenie limitov v pr\u00edjme alkoholu alebo sa rozhodnite pre nealkoholick\u00e9 n\u00e1poje, aby ste si udr\u017eali \u010dist\u00fa hlavu a optim\u00e1lny v\u00fdkon. Dosiahnut\u00edm rovnov\u00e1hy si m\u00f4\u017eete vychutna\u0165 soci\u00e1lne aspekty pitia bez toho, aby ste ohrozili v\u00fdhody Silagra.<\/p>\n<h2>Nastavenie n\u00e1lady: Pr\u00edprava na v\u00edkend Silagra<\/h2>\n<p>Vytvorenie spr\u00e1vneho prostredia m\u00f4\u017ee v\u00fdrazne posilni\u0165 \u00fa\u010dinky Silagra. Zamyslite sa nad nastaven\u00edm romantickej alebo upokojuj\u00facej atmosf\u00e9ry, ako je stlmenie svetiel, prehr\u00e1vanie jemnej hudby alebo zabezpe\u010denie s\u00fakromia na podporu intimity.<\/p>\n<p>Pozornos\u0165 na detail m\u00f4\u017ee znamena\u0165 ve\u013ek\u00fd rozdiel. Pr\u00edprava v\u00e1\u0161ho priestoru pomocou premyslen\u00fdch dotykov, ako s\u00fa svie\u010dky alebo \u010derstv\u00e1 bielize\u0148, m\u00f4\u017ee prida\u0165 k atmosf\u00e9re a urobi\u0165 z\u00e1\u017eitok nezabudnute\u013enej\u0161\u00edm a pr\u00edjemnej\u0161\u00edm pre v\u00e1s aj v\u00e1\u0161ho partnera.<\/p>\n<h2>Spravovanie o\u010dak\u00e1van\u00ed so Silagrou<\/h2>\n<p>Aj ke\u010f je Silagra pre mnoh\u00fdch \u00fa\u010dinn\u00e1, je d\u00f4le\u017eit\u00e9 realisticky riadi\u0165 o\u010dak\u00e1vania. Pom\u00e1ha pri dosahovan\u00ed a udr\u017eiavan\u00ed erekcie, ale nemus\u00ed nutne zvy\u0161ova\u0165 libido alebo t\u00fa\u017ebu. Pochopenie tohto rozdielu m\u00f4\u017ee pom\u00f4c\u0165 pri pl\u00e1novan\u00ed v\u00edkendu, ktor\u00fd sp\u013a\u0148a potreby oboch partnerov.<\/p>\n<p>Otvoren\u00e1 komunik\u00e1cia je rozhoduj\u00faca pre nastavenie a riadenie o\u010dak\u00e1van\u00ed. Diskutujte o tom, \u010do ka\u017ed\u00fd partner d\u00fafa, \u017ee dosiahne alebo za\u017eije, a bu\u010fte vn\u00edmav\u00ed k pocitom a t\u00fa\u017ebam toho druh\u00e9ho. Tento pr\u00edstup m\u00f4\u017ee pom\u00f4c\u0165 zos\u00faladi\u0165 o\u010dak\u00e1vania a zlep\u0161i\u0165 celkov\u00fd z\u00e1\u017eitok.<\/p>\n<h2>Mo\u017en\u00e9 ved\u013eaj\u0161ie \u00fa\u010dinky Silagra a ako ich zmierni\u0165<\/h2>\n<p>Tak ako v\u0161etky lieky, aj Silagra m\u00f4\u017ee sp\u00f4sobova\u0165 ved\u013eaj\u0161ie \u00fa\u010dinky, hoci sa neprejavia u ka\u017ed\u00e9ho. \u010cast\u00e9 ved\u013eaj\u0161ie \u00fa\u010dinky zah\u0155\u0148aj\u00fa bolesti hlavy, n\u00e1valy hor\u00fa\u010davy, poruchy tr\u00e1venia a z\u00e1vraty. Tieto s\u00fa zvy\u010dajne mierne a do\u010dasn\u00e9, ale m\u00f4\u017eu by\u0165 nepr\u00edjemn\u00e9, ak nie s\u00fa spr\u00e1vne riaden\u00e9.<\/p>\n<p>Na zmiernenie ved\u013eaj\u0161\u00edch \u00fa\u010dinkov zv\u00e1\u017ete za\u010diatok s ni\u017e\u0161ou d\u00e1vkou a pod\u013ea potreby ju postupne upravujte. Zosta\u0165 hydratovan\u00fd a odpo\u010d\u00edva\u0165, ak sa objavia z\u00e1vraty, m\u00f4\u017ee tie\u017e pom\u00f4c\u0165. Ak ved\u013eaj\u0161ie \u00fa\u010dinky pretrv\u00e1vaj\u00fa alebo sa zhor\u0161uj\u00fa, pora\u010fte sa so zdravotn\u00edckym pracovn\u00edkom.<\/p>\n<h2>D\u00f4le\u017eitos\u0165 komunik\u00e1cie s partnerom<\/h2>\n<p>Efekt\u00edvna komunik\u00e1cia s partnerom je neoddelite\u013enou s\u00fa\u010das\u0165ou \u00faspe\u0161n\u00e9ho v\u00edkendu Silagra. Otvorene zdie\u013eanie svojich pl\u00e1nov a ak\u00fdchko\u013evek ob\u00e1v m\u00f4\u017ee zabr\u00e1ni\u0165 nedorozumeniam a pom\u00f4c\u0165 obom partnerom c\u00edti\u0165 sa pohodlnej\u0161ie a prepojen\u00e9.<\/p>\n<p>Diskusia o hraniciach, t\u00fa\u017ebach a ak\u00fdchko\u013evek potenci\u00e1lnych obav\u00e1ch m\u00f4\u017ee podpori\u0165 d\u00f4veru a intimitu a vytvori\u0165 podporn\u00e9 prostredie, ktor\u00e9 zlep\u0161\u00ed z\u00e1\u017eitok. T\u00e1to \u00farove\u0148 otvorenosti m\u00f4\u017ee tie\u017e u\u013eah\u010di\u0165 uvo\u013enenej\u0161\u00ed a pr\u00edjemnej\u0161\u00ed spolo\u010dn\u00fd \u010das.<\/p>\n<h2>Bezpe\u010dnostn\u00e9 \u00favahy pri pou\u017e\u00edvan\u00ed Silagra<\/h2>\n<p>Bezpe\u010dnos\u0165 by mala by\u0165 v\u017edy prioritou pri pou\u017e\u00edvan\u00ed liekov, ako je Silagra. Uistite sa, \u017ee ste si vedom\u00ed v\u0161etk\u00fdch mo\u017en\u00fdch kontraindik\u00e1ci\u00ed alebo interakci\u00ed s in\u00fdmi liekmi, ktor\u00e9 m\u00f4\u017eete u\u017e\u00edva\u0165. Konzult\u00e1cia s poskytovate\u013eom zdravotnej starostlivosti m\u00f4\u017ee poskytn\u00fa\u0165 jasnos\u0165 a zabr\u00e1ni\u0165 nepriazniv\u00fdm \u00fa\u010dinkom.<\/p>\n<p>Okrem toho je d\u00f4le\u017eit\u00e9 dodr\u017eiava\u0165 odpor\u00fa\u010dan\u00e9 d\u00e1vkovanie a vyh\u00fdba\u0165 sa u\u017e\u00edvaniu v\u00e4\u010d\u0161ieho mno\u017estva, ako je predp\u00edsan\u00e9. Nadmern\u00e9 pou\u017e\u00edvanie m\u00f4\u017ee vies\u0165 k v\u00e1\u017enym zdravotn\u00fdm rizik\u00e1m vr\u00e1tane pred\u013a\u017eenej erekcie, ktor\u00e1 si m\u00f4\u017ee vy\u017eadova\u0165 lek\u00e1rsky z\u00e1sah.<\/p>\n<h2>Alternat\u00edvne mo\u017enosti na zlep\u0161enie v\u00e1\u0161ho v\u00edkendov\u00e9ho z\u00e1\u017eitku<\/h2>\n<p>Ak Silagra nie je vhodn\u00e1, existuj\u00fa alternat\u00edvne met\u00f3dy, ako si umocni\u0165 v\u00edkendov\u00fd z\u00e1\u017eitok. Zmeny \u017eivotn\u00e9ho \u0161t\u00fdlu, ako je pravideln\u00e9 cvi\u010denie, vyv\u00e1\u017een\u00e1 strava a zvl\u00e1danie stresu, m\u00f4\u017eu prirodzene zlep\u0161i\u0165 sexu\u00e1lnu v\u00fdkonnos\u0165 a celkov\u00e9 zdravie.<\/p>\n<p>Pre t\u00fdch, ktor\u00ed h\u013eadaj\u00fa nefarmaceutick\u00e9 mo\u017enosti, m\u00f4\u017ee k uspokojuj\u00facej a obohacuj\u00facej sk\u00fasenosti prispie\u0165 aj sk\u00famanie techn\u00edk, ako je v\u0161\u00edmavos\u0165, medit\u00e1cia alebo p\u00e1rov\u00e1 terapia. Tieto pr\u00edstupy m\u00f4\u017eu dop\u013a\u0148a\u0165 alebo sl\u00fa\u017ei\u0165 ako alternat\u00edvy k liekom v z\u00e1vislosti od va\u0161ich potrieb a preferenci\u00ed.<\/p>\n<h2>\u010casto kladen\u00e9 ot\u00e1zky o silagre a alkohole<\/h2>\n<p>Mnoh\u00ed maj\u00fa ot\u00e1zky t\u00fdkaj\u00face sa interakcie medzi Silagrou a alkoholom. Be\u017en\u00e9 ot\u00e1zky zah\u0155\u0148aj\u00fa, \u010di je mierne pitie bezpe\u010dn\u00e9 a ako alkohol ovplyv\u0148uje \u00fa\u010dinnos\u0165 lieku. Vo v\u0161eobecnosti je pr\u00edpustn\u00e1 mierna konzum\u00e1cia alkoholu; treba sa v\u0161ak vyhn\u00fa\u0165 nadmern\u00e9mu pitiu, aby sa predi\u0161lo negat\u00edvnym interakci\u00e1m.<\/p>\n<p>\u010eal\u0161ou \u010dastou ot\u00e1zkou je na\u010dasovanie konzum\u00e1cie alkoholu v s\u00favislosti s u\u017e\u00edvan\u00edm Silagra. Najlep\u0161ie je vynecha\u0165 pr\u00edjem alkoholu a lieky, aby sa minimalizovali pr\u00edpadn\u00e9 ved\u013eaj\u0161ie \u00fa\u010dinky. V\u017edy uprednost\u0148ujte bezpe\u010dnos\u0165 a ak si nie ste ist\u00ed, pora\u010fte sa s poskytovate\u013eom zdravotnej starostlivosti.<\/p>\n<h2>Sk\u00fasenosti zo skuto\u010dn\u00e9ho \u017eivota: V\u00edkendov\u00e9 pr\u00edbehy so Silagrou<\/h2>\n<p>Sk\u00fasenosti zo skuto\u010dn\u00e9ho \u017eivota m\u00f4\u017eu poskytn\u00fa\u0165 cenn\u00e9 poznatky o pou\u017eit\u00ed Silagra. Mnoh\u00ed zistia, \u017ee pl\u00e1novanie a otvoren\u00e1 komunik\u00e1cia ved\u00fa k pozit\u00edvnym v\u00fdsledkom so zv\u00fd\u0161enou intimitou a spokojnos\u0165ou. U\u010denie sa zo sk\u00fasenost\u00ed in\u00fdch m\u00f4\u017ee pom\u00f4c\u0165 nastavi\u0165 realistick\u00e9 o\u010dak\u00e1vania a vzbudi\u0165 d\u00f4veru.<\/p>\n<p>Pr\u00edbehy \u010dasto zd\u00f4raz\u0148uj\u00fa d\u00f4le\u017eitos\u0165 rovnov\u00e1hy medzi spont\u00e1nnos\u0165ou a pr\u00edpravou. Aj ke\u010f Silagra m\u00f4\u017ee podpori\u0165 akt\u00edvny v\u00edkend, \u00faspech \u010dasto spo\u010d\u00edva v detailoch, ako je nastavenie n\u00e1lady a vz\u00e1jomn\u00e9 porozumenie. Tieto pr\u00edbehy pod\u010diarkuj\u00fa r\u00f4znorod\u00e9 sk\u00fasenosti, ktor\u00e9 s\u00fa mo\u017en\u00e9 s premyslen\u00fdm pl\u00e1novan\u00edm a komunik\u00e1ciou.<\/p>\n","protected":false},"excerpt":{"rendered":"<p>Pl\u00e1novanie v\u00edkendu so Silagrou: na\u010dasovanie, jedlo a alkohol Za\u010dlenenie Silagra do va\u0161ich v\u00edkendov\u00fdch pl\u00e1nov zah\u0155\u0148a pochopenie jej na\u010dasovania, stravovac\u00edch h\u013ead\u00edsk a vplyvu alkoholu, \u010d\u00edm sa zabezpe\u010d\u00ed vyv\u00e1\u017een\u00fd a pr\u00edjemn\u00fd z\u00e1\u017eitok. Pochopenie Silagra: \u010co to je a ako to funguje Silagra je liek pou\u017e\u00edvan\u00fd na lie\u010dbu erektilnej dysfunkcie u mu\u017eov. Obsahuje sildenafil citr\u00e1t, rovnak\u00fa akt\u00edvnu zlo\u017eku,<\/p>\n<div><a class=\"btn-filled btn\" href=\"https:\/\/bouwstenenverhuur.brogt.nl\/index.php\/pochopenie-silagra-co-to-je-a-ako-to-funguje\/\" title=\"Pochopenie Silagra: \u010co to je a ako to funguje\">Read More<\/a><\/div>\n","protected":false},"author":1,"featured_media":0,"parent":0,"menu_order":0,"comment_status":"closed","ping_status":"closed","template":"","meta":{"footnotes":""},"class_list":["post-55044","page","type-page","status-publish","hentry"],"_links":{"self":[{"href":"https:\/\/bouwstenenverhuur.brogt.nl\/index.php\/wp-json\/wp\/v2\/pages\/55044","targetHints":{"allow":["GET"]}}],"collection":[{"href":"https:\/\/bouwstenenverhuur.brogt.nl\/index.php\/wp-json\/wp\/v2\/pages"}],"about":[{"href":"https:\/\/bouwstenenverhuur.brogt.nl\/index.php\/wp-json\/wp\/v2\/types\/page"}],"author":[{"embeddable":true,"href":"https:\/\/bouwstenenverhuur.brogt.nl\/index.php\/wp-json\/wp\/v2\/users\/1"}],"replies":[{"embeddable":true,"href":"https:\/\/bouwstenenverhuur.brogt.nl\/index.php\/wp-json\/wp\/v2\/comments?post=55044"}],"version-history":[{"count":1,"href":"https:\/\/bouwstenenverhuur.brogt.nl\/index.php\/wp-json\/wp\/v2\/pages\/55044\/revisions"}],"predecessor-version":[{"id":55046,"href":"https:\/\/bouwstenenverhuur.brogt.nl\/index.php\/wp-json\/wp\/v2\/pages\/55044\/revisions\/55046"}],"wp:attachment":[{"href":"https:\/\/bouwstenenverhuur.brogt.nl\/index.php\/wp-json\/wp\/v2\/media?parent=55044"}],"curies":[{"name":"wp","href":"https:\/\/api.w.org\/{rel}","templated":true}]}}