{"id":54996,"date":"2026-03-24T23:30:06","date_gmt":"2026-03-24T23:30:06","guid":{"rendered":"https:\/\/bouwstenenverhuur.brogt.nl\/?page_id=54996"},"modified":"2026-03-24T23:30:06","modified_gmt":"2026-03-24T23:30:06","slug":"yleiskatsaus-telelaaketieteesta-isossa-britanniassa","status":"publish","type":"page","link":"https:\/\/bouwstenenverhuur.brogt.nl\/index.php\/yleiskatsaus-telelaaketieteesta-isossa-britanniassa\/","title":{"rendered":"Yleiskatsaus telel\u00e4\u00e4ketieteest\u00e4 Isossa-Britanniassa"},"content":{"rendered":"<h1>Et\u00e4l\u00e4\u00e4ketiede: verkkokonsultaatiot ja kelpoisuusselvitykset: NHS:n ohjaus vs yksityinen verkkohoito<\/h1>\n<p>Koska telel\u00e4\u00e4ketiede kehittyy edelleen Isossa-Britanniassa, NHS:n ja yksityisten online-terveyspalvelujen v\u00e4listen erojen ymm\u00e4rt\u00e4minen on ratkaisevan t\u00e4rke\u00e4\u00e4 sek\u00e4 potilaille ett\u00e4 palveluntarjoajille.<\/p>\n<h2>Yleiskatsaus telel\u00e4\u00e4ketieteest\u00e4 Isossa-Britanniassa<\/h2>\n<p>Telel\u00e4\u00e4ketieteest\u00e4 on nopeasti tullut terveydenhuollon kulmakivi Isossa-Britanniassa, erityisesti COVID-19-pandemian j\u00e4lkeen. T\u00e4m\u00e4 l\u00e4hestymistapa sis\u00e4lt\u00e4\u00e4 digitaalisten viestint\u00e4ty\u00f6kalujen k\u00e4ytt\u00e4misen l\u00e4\u00e4ketieteellisten konsulttien ja diagnoosien tarjoamiseen et\u00e4n\u00e4, mik\u00e4 parantaa terveydenhuoltopalvelujen saatavuutta ja tehokkuutta. Alun perin telel\u00e4\u00e4ketiedett\u00e4 k\u00e4ytettiin p\u00e4\u00e4asiassa yksinkertaisiin konsultaatioihin, mutta sen soveltamisala on laajentunut kattamaan laajan valikoiman palveluita, kuten erikoisl\u00e4\u00e4k\u00e4rikonsultaatioita, mielenterveysterapiaa ja kroonisten sairauksien hoitoa.<\/p>\n<p>Ison-Britannian terveydenhuoltoymp\u00e4rist\u00f6 on monipuolinen, ja National Health Service (NHS) ja useat yksityiset palveluntarjoajat tarjoavat et\u00e4l\u00e4\u00e4ketieteen vaihtoehtoja. Vaikka NHS on edelleen ensisijainen terveydenhuoltopalvelujen tarjoaja, on syntynyt yksityisi\u00e4 telel\u00e4\u00e4ketieteen yrityksi\u00e4, jotka tarjoavat vaihtoehtoisia reittej\u00e4 potilaille, jotka etsiv\u00e4t mukavuutta ja nopeampaa p\u00e4\u00e4sy\u00e4 terveydenhuollon ammattilaisten puoleen. T\u00e4m\u00e4 kaksoisj\u00e4rjestelm\u00e4 tarjoaa sek\u00e4 mahdollisuuksia ett\u00e4 haasteita potilaille, jotka navigoivat terveydenhuoltovaihtoehdoissaan.<\/p>\n<h2>NHS:n online-konsultointiohjeet<\/h2>\n<p>NHS on kehitt\u00e4nyt kattavat ohjeet verkkokonsultaatioita varten varmistaakseen, ett\u00e4 potilaat saavat turvallista ja tehokasta hoitoa. N\u00e4m\u00e4 ohjeet keskittyv\u00e4t potilasturvallisuuden, kliinisen tehokkuuden ja tietosuojan korkeiden standardien yll\u00e4pit\u00e4miseen. Terveydenhuollon ammattilaisten, jotka suorittavat online-konsultaatioita NHS:n alaisuudessa, on noudatettava tiukkoja protokollia, mukaan lukien potilaan henkil\u00f6llisyyden varmistaminen ja k\u00e4ytetyn tekniikan turvallisuuden varmistaminen.<\/p>\n<p>Lis\u00e4ksi NHS korostaa, ett\u00e4 on t\u00e4rke\u00e4\u00e4 kouluttaa terveydenhuollon tarjoajia digitaalisen viestinn\u00e4n taitoihin virtuaalisten konsulttien laadun parantamiseksi. Ohjeissa suositellaan my\u00f6s, ett\u00e4 verkkokonsultaatioiden tulisi t\u00e4ydent\u00e4\u00e4, ei korvata perinteist\u00e4 kasvokkain tapahtuvaa vuorovaikutusta, erityisesti monimutkaisissa tapauksissa, joissa fyysiset tarkastukset ovat v\u00e4ltt\u00e4m\u00e4tt\u00f6mi\u00e4.<\/p>\n<h2>Yksityinen verkkohoito: mit\u00e4 odottaa<\/h2>\n<p>Yksityiset online-terveydenhuollon tarjoajat tarjoavat erilaisia \u200b\u200bpalveluita, jotka sis\u00e4lt\u00e4v\u00e4t usein joustavammat konsultaatioajat ja lyhyemm\u00e4t odotusajat NHS:\u00e4\u00e4n verrattuna. N\u00e4m\u00e4 palveluntarjoajat palvelevat potilaita, jotka etsiv\u00e4t mukavuutta ja henkil\u00f6kohtaista hoitoa, usein tilausmallien tai jakopalveluiden kautta. Lis\u00e4ksi yksityiset telel\u00e4\u00e4ketieteen alustat tarjoavat yleens\u00e4 laajemman valikoiman asiantuntijoita, jolloin potilaat voivat valita l\u00e4\u00e4k\u00e4rit erityistarpeidensa perusteella.<\/p>\n<p>Vaikka yksityinen verkkohoito lupaa suurempaa joustavuutta, on t\u00e4rke\u00e4\u00e4, ett\u00e4 potilaat varmistavat n\u00e4iden palvelujen valtuustiedot ja s\u00e4\u00e4nn\u00f6stenmukaisuuden. Hyv\u00e4maineiset yksityiset palveluntarjoajat varmistavat, ett\u00e4 heid\u00e4n alustansa ovat turvallisia ja ett\u00e4 l\u00e4\u00e4k\u00e4rit ovat rekister\u00f6ityneet asianmukaisiin l\u00e4\u00e4k\u00e4riin, mik\u00e4 yll\u00e4pit\u00e4\u00e4 tarjotun hoidon laatua.<\/p>\n<h2>Kelpoisuusseulonta NHS vs Private Care<\/h2>\n<p>Kelpoisuusseulonta on telel\u00e4\u00e4ketieteen keskeinen osa, jolla varmistetaan, ett\u00e4 potilaat saavat asianmukaista hoitoa. NHS k\u00e4ytt\u00e4\u00e4 tiukkaa seulontaprosessia, joka sis\u00e4lt\u00e4\u00e4 verkkokonsultaatioiden sopivuuden arvioinnin jokaiselle potilaalle h\u00e4nen sairaushistoriansa ja nykyisen terveydentilansa perusteella. T\u00e4m\u00e4 prosessi auttaa tunnistamaan tapaukset, jotka vaativat henkil\u00f6kohtaisia \u200b\u200barviointeja tai kiireellisempi\u00e4 hoitoskenaarioita.<\/p>\n<p>Sit\u00e4 vastoin yksityisill\u00e4 telel\u00e4\u00e4ketieteen palveluilla on usein virtaviivaisemmat kelpoisuusseulontamenettelyt. N\u00e4m\u00e4 palvelut voivat perustua digitaalisiin kyselylomakkeisiin ja potilaan omaan raportointiin kelpoisuuden m\u00e4\u00e4ritt\u00e4miseksi. Vaikka t\u00e4m\u00e4 voi nopeuttaa p\u00e4\u00e4sy\u00e4, se voi sis\u00e4lt\u00e4\u00e4 my\u00f6s virheellisen diagnoosin riskin, jos sit\u00e4 ei hallita huolellisesti. Siksi yksityisten palveluntarjoajien on tasapainotettava tehokkuus ja perusteellisuus s\u00e4ilytt\u00e4\u00e4kseen korkeat hoitostandardit.<\/p>\n<h2>Telel\u00e4\u00e4ketieteen alustojen vertailu: NHS vs yksityinen<\/h2>\n<p>NHS:n ja yksityisten palveluntarjoajien k\u00e4ytt\u00e4m\u00e4t telel\u00e4\u00e4ketieteen alustat eroavat huomattavasti saavutettavuudesta, toimivuudesta ja k\u00e4ytt\u00f6kokemuksesta. NHS-alustat on suunniteltu yleisesti saataville, ja ne usein integroituvat olemassa olevaan NHS-infrastruktuuriin hoidon jatkuvuuden varmistamiseksi eri terveydenhuoltoymp\u00e4rist\u00f6iss\u00e4. N\u00e4m\u00e4 alustat asettavat etusijalle potilastietojen turvallisuuden ja yhteentoimivuuden, mik\u00e4 mahdollistaa potilastietojen saumattoman jakamisen terveydenhuollon ammattilaisten kesken.<\/p>\n<p>Toisaalta yksityiset alustat keskittyv\u00e4t usein <a href=\"https:\/\/verkko-apteekki.org\/\">Verkko Apteekki<\/a> k\u00e4ytt\u00e4j\u00e4yst\u00e4v\u00e4llisiin k\u00e4ytt\u00f6liittymiin ja lis\u00e4ominaisuuksiin, kuten online-varausj\u00e4rjestelmiin, pikaviestint\u00e4\u00e4n terveydenhuollon tarjoajien kanssa ja p\u00e4\u00e4syyn laajempiin palveluihin. N\u00e4m\u00e4 alustat voivat integroitua erilaisiin terveydentilan seurantalaitteisiin, jolloin potilaat saavat kattavamman kuvan terveydest\u00e4\u00e4n. Haasteena on kuitenkin varmistaa, ett\u00e4 n\u00e4m\u00e4 alustat t\u00e4ytt\u00e4v\u00e4t samat turvallisuus- ja s\u00e4\u00e4ntelystandardit kuin NHS:n k\u00e4ytt\u00e4m\u00e4t.<\/p>\n<h2>NHS:n online-konsultoinnin edut<\/h2>\n<p>NHS:n verkkokonsultaatiot tarjoavat useita etuja, erityisesti kustannusten ja saavutettavuuden kannalta. Julkisesti rahoitettuna palveluna NHS tarjoaa asukkaille maksuttomia verkkokonsultaatioita, jolloin terveydenhuolto on kaikkien saatavilla heid\u00e4n taloudellisesta tilanteestaan \u200b\u200briippumatta. T\u00e4m\u00e4 yleinen saatavuus on merkitt\u00e4v\u00e4 etu verrattuna yksityisiin palveluntarjoajiin, jotka periv\u00e4t maksuja palveluistaan.<\/p>\n<p>Lis\u00e4ksi NHS:n verkkokonsultaatiot on integroitu laajempaan terveydenhuoltoj\u00e4rjestelm\u00e4\u00e4n, mik\u00e4 varmistaa hoidon jatkuvuuden. Potilaat hy\u00f6tyv\u00e4t siit\u00e4, ett\u00e4 heid\u00e4n tietonsa ovat kaikkien NHS:n terveydenhuollon tarjoajien saatavilla, mik\u00e4 helpottaa koordinoituja ja kattavia hoitosuunnitelmia. T\u00e4m\u00e4 integraatio on erityisen hy\u00f6dyllinen potilaille, joilla on kroonisia sairauksia, jotka tarvitsevat s\u00e4\u00e4nn\u00f6llist\u00e4 seurantaa ja hoitoa.<\/p>\n<h2>Yksityisten online-terveyspalvelujen edut<\/h2>\n<p>Yksityiset verkkoterveyspalvelut tarjoavat useita etuja, jotka houkuttelevat mukavuutta ja henkil\u00f6kohtaista hoitoa etsivi\u00e4 potilaita. Yksi t\u00e4rkeimmist\u00e4 eduista on lyhentynyt odotusaika konsultaatioihin, mik\u00e4 voi olla erityisen t\u00e4rke\u00e4\u00e4 potilaille, joilla on kiireellisi\u00e4 terveysongelmia. Yksityiset palveluntarjoajat tarjoavat usein saman p\u00e4iv\u00e4n ajan, jolloin potilaat voivat saada oikea-aikaista hoitoa ilman julkisessa j\u00e4rjestelm\u00e4ss\u00e4 yleisesti koettua viivett\u00e4.<\/p>\n<p>Lis\u00e4ksi yksityiset palvelut tarjoavat usein pidennetyt konsultaatioajat ja mahdollisuuden valita tietyt terveydenhuollon ammattilaiset, mik\u00e4 voi parantaa potilaskokemusta. N\u00e4m\u00e4 palvelut tarjoavat yleens\u00e4 yksil\u00f6llisemm\u00e4n l\u00e4hestymistavan, jossa keskityt\u00e4\u00e4n potilaiden mieltymyksiin ja tarpeisiin, mik\u00e4 voi johtaa korkeampaan potilastyytyv\u00e4isyyteen ja parempiin terveystuloksiin.<\/p>\n<h2>Telel\u00e4\u00e4ketieteen toteutuksen haasteet<\/h2>\n<p>Vaikka telel\u00e4\u00e4ketiede tarjoaa lukuisia etuja, sen toteuttaminen ei ole vaivatonta. Yksi merkitt\u00e4v\u00e4 haaste on digitaalinen kahtiajako, joka voi rajoittaa telel\u00e4\u00e4ketieteen saatavuutta henkil\u00f6ille, joilla ei ole luotettavaa Internet-yhteytt\u00e4 tai digitaalista lukutaitoa. T\u00e4m\u00e4 kuilu voi pahentaa olemassa olevia terveyseroja erityisesti haavoittuvien v\u00e4est\u00f6ryhmien, kuten vanhusten tai maaseutualueiden kohdalla.<\/p>\n<p>Lis\u00e4ksi telel\u00e4\u00e4ketieteen integrointi olemassa oleviin terveydenhuoltoj\u00e4rjestelmiin vaatii huomattavia investointeja teknologiaan ja koulutukseen. Terveydenhuollon tarjoajien on mukauduttava uusiin ty\u00f6nkulkuihin ja varmistettava, ett\u00e4 he voivat tarjota samantasoista hoitoa k\u00e4yt\u00e4nn\u00f6ss\u00e4 kuin henkil\u00f6kohtaisesti. T\u00e4m\u00e4 siirtym\u00e4 voi olla resurssivaltaista ja saattaa edellytt\u00e4\u00e4 muutoksia olemassa oleviin terveydenhuoltok\u00e4yt\u00e4nt\u00f6ihin ja -k\u00e4yt\u00e4nt\u00f6ihin.<\/p>\n<h2>Potilaiden tietosuoja- ja tietoturvaongelmat<\/h2>\n<p>Potilaan yksityisyys ja tietoturva ovat telel\u00e4\u00e4ketieteen ensisijaisia \u200b\u200bhuolenaiheita. Sek\u00e4 NHS:n ett\u00e4 yksityisten palveluntarjoajien on varmistettava, ett\u00e4 potilastiedot suojataan luvattomalta k\u00e4yt\u00f6lt\u00e4 ja tietomurroilta. NHS noudattaa tiukkoja tietosuojam\u00e4\u00e4r\u00e4yksi\u00e4 ja -protokollia potilastietojen suojaamiseksi, mukaan lukien salaus ja suojatut tietojen s\u00e4ilytysk\u00e4yt\u00e4nn\u00f6t.<\/p>\n<p>Yksityisten palveluntarjoajien on my\u00f6s noudatettava samanlaisia \u200b\u200bstandardeja ja otettava k\u00e4ytt\u00f6\u00f6n vankat turvatoimet potilastietojen suojaamiseksi. Telel\u00e4\u00e4ketieteen palveluiden nopea laajeneminen on kuitenkin tuonut esiin tietoturvallisuuden haavoittuvuuksia, mik\u00e4 on vaatinut tehostettua viranomaisvalvontaa ja standardoituja tietoturvak\u00e4yt\u00e4nt\u00f6j\u00e4 koko alalla. Potilaiden telel\u00e4\u00e4ketieteen luottamuksen varmistaminen riippuu suuresti kyvyst\u00e4 suojata heid\u00e4n henkil\u00f6kohtaisia \u200b\u200bja l\u00e4\u00e4ketieteellisi\u00e4 tietojaan.<\/p>\n<h2>Kustannusanalyysi: NHS vs yksityinen telel\u00e4\u00e4ketiede<\/h2>\n<p>Kustannukset ovat merkitt\u00e4v\u00e4 tekij\u00e4 valittaessa NHS:n ja yksityisten telel\u00e4\u00e4ketieteen palvelujen v\u00e4lill\u00e4. Veronmaksajien rahoittamana palveluna NHS tarjoaa et\u00e4l\u00e4\u00e4ketieteen konsultaatioita potilaille ilman suoria kustannuksia, mik\u00e4 tekee siit\u00e4 taloudellisesti saatavilla olevan vaihtoehdon suurimmalle osalle v\u00e4est\u00f6st\u00e4. NHS-palvelujen kysynt\u00e4 voi kuitenkin johtaa pitkiin odotusaikoihin, mik\u00e4 saattaa saada osan potilaista hakeutumaan yksityiseen hoitoon.<\/p>\n<p>Yksityiset telel\u00e4\u00e4ketieteen palvelut, vaikkakin tyypillisesti kalliimpia, tarjoavat mukavuuden ja lyhennetyt odotusajat. N\u00e4m\u00e4 palvelut voivat veloittaa konsultaatiokohtaisesti tai tarjota tilausmalleja, mik\u00e4 voi olla kallista riippuen tarvittavan hoidon tasosta. Potilaiden on punnittava kustannuksia k\u00e4ytt\u00f6mukavuuden ja nopeuden kanssa p\u00e4\u00e4tt\u00e4ess\u00e4\u00e4n NHS:n ja yksityisen et\u00e4l\u00e4\u00e4ketieteen vaihtoehdoista.<\/p>\n<h2>Online-konsultoinnin tekniset vaatimukset<\/h2>\n<p>Onnistuneet online-neuvottelut perustuvat vahvaan teknologiseen infrastruktuuriin. T\u00e4m\u00e4 sis\u00e4lt\u00e4\u00e4 luotettavat Internet-yhteydet, turvalliset viestint\u00e4alustat ja k\u00e4ytt\u00e4j\u00e4yst\u00e4v\u00e4lliset k\u00e4ytt\u00f6liittym\u00e4t sek\u00e4 potilaille ett\u00e4 terveydenhuollon tarjoajille. NHS:n ja yksityisten palveluntarjoajien on varmistettava, ett\u00e4 niiden alustat ovat saatavilla k\u00e4ytt\u00e4jille, joilla on eri tasoinen digitaalinen lukutaito, tarjoten tukea ja resursseja potilaiden auttamiseksi teknologian k\u00e4yt\u00f6ss\u00e4.<\/p>\n<p>Lis\u00e4ksi terveydenhuollon tarjoajilla on oltava k\u00e4ytett\u00e4viss\u00e4\u00e4n tarvittavat laitteet, kuten videoneuvotteluty\u00f6kalut ja digitaaliset terveystiedot, voidakseen suorittaa tehokkaita online-konsultaatioita. Jatkuvat investoinnit teknologiaan ovat ratkaisevan t\u00e4rkeit\u00e4 edistymisen tahdissa ja sen varmistamiseksi, ett\u00e4 telel\u00e4\u00e4ketieteen palvelut pysyv\u00e4t tehokkaina ja turvallisina.<\/p>\n<h2>Tapaustutkimukset: NHS:n ja yksityisen telel\u00e4\u00e4ketieteen menestys<\/h2>\n<p>Useat tapaustutkimukset korostavat telel\u00e4\u00e4ketieteen menestyst\u00e4 sek\u00e4 NHS:ll\u00e4 ett\u00e4 yksityisell\u00e4 sektorilla. NHS on toteuttanut lukuisia pilottiprojekteja telel\u00e4\u00e4ketieteen palvelujen laajentamiseen, ja monet ovat osoittaneet lupaavia tuloksia hoidon saatavuuden ja potilastyytyv\u00e4isyyden parantamisessa. Virtuaaliklinikat ovat esimerkiksi olleet tehokkaita kroonisten sairauksien hallinnassa, sairaalahoidon v\u00e4hent\u00e4misess\u00e4 ja arvokkaiden resurssien vapauttamisessa kriittisempiin tapauksiin.<\/p>\n<p>Yksityisell\u00e4 sektorilla yritykset, kuten Babylon Health ja Push Doctor, ovat saavuttaneet suosiota tarjoamalla tilauskonsultaatioita ja terveyden seurantapalveluita. N\u00e4m\u00e4 alustat ovat osoittaneet, kuinka yksityinen telel\u00e4\u00e4ketiede voi t\u00e4ydent\u00e4\u00e4 perinteisi\u00e4 terveydenhuoltopalveluita tarjoamalla nopean p\u00e4\u00e4syn l\u00e4\u00e4ketieteelliseen neuvontaan ja parantamalla potilaiden osallistumista terveydenhoitoon.<\/p>\n<h2>Telel\u00e4\u00e4ketieteen tulevaisuuden trendit Isossa-Britanniassa<\/h2>\n<p>Telel\u00e4\u00e4ketieteen tulevaisuus Isossa-Britanniassa n\u00e4ytt\u00e4\u00e4 lupaavalta, ja useat trendit todenn\u00e4k\u00f6isesti muokkaavat sen kehityst\u00e4. Tekniikan edistyksen, kuten teko\u00e4lyn ja koneoppimisen, odotetaan parantavan diagnostista tarkkuutta ja personoivan hoitosuunnitelmia. N\u00e4m\u00e4 tekniikat voivat auttaa analysoimaan valtavia tietom\u00e4\u00e4ri\u00e4, jotta voidaan tunnistaa malleja ja tarjota n\u00e4kemyksi\u00e4 potilaiden terveydest\u00e4, mik\u00e4 saattaa muuttaa tapaa, jolla terveydenhuolto tarjotaan.<\/p>\n<p>Lis\u00e4ksi telel\u00e4\u00e4ketieteen integroinnin puettavan terveysteknologian kanssa odotetaan kasvavan, mik\u00e4 mahdollistaa jatkuvan terveydentilan seurannan ja ennakoivamman terveydentilan hallinnan. Kun n\u00e4ist\u00e4 tekniikoista tulee entist\u00e4 kehittyneempi\u00e4, niill\u00e4 on todenn\u00e4k\u00f6isesti keskeinen rooli ehk\u00e4isev\u00e4ss\u00e4 l\u00e4\u00e4ketieteess\u00e4, mik\u00e4 v\u00e4hent\u00e4\u00e4 terveydenhuoltoj\u00e4rjestelmien taakkaa ja parantaa potilaiden hoitotuloksia.<\/p>\n<h2>Potilaspalaute: NHS vs yksityiset telel\u00e4\u00e4ketieteen palvelut<\/h2>\n<p>Potilaspalaute on ratkaisevassa roolissa telel\u00e4\u00e4ketieteen palvelujen tehokkuuden arvioinnissa. NHS:n telel\u00e4\u00e4ketieteen palvelut saavat yleens\u00e4 positiivista palautetta saatavuudestaan \u200b\u200bja kustannustehokkuudestaan, vaikka potilaat mainitsevatkin usein pitki\u00e4 odotusaikoja haittana. Huomattavina etuina korostetaan my\u00f6s hoidon jatkuvuutta ja integraatiota NHS-j\u00e4rjestelm\u00e4\u00e4n.<\/p>\n<p>Sen sijaan yksityisi\u00e4 telel\u00e4\u00e4ketieteen palveluita kiitet\u00e4\u00e4n usein mukavuudesta ja nopeudesta. Potilaat arvostavat kyky\u00e4 valita terveydenhuollon tarjoajansa ja joustavuutta ajanvarauksessa. N\u00e4iden palvelujen kustannukset voivat kuitenkin olla este joillekin, ja eri palveluntarjoajien v\u00e4liset erilaiset laatutasot ovat huolissaan. Kaiken kaikkiaan potilastyytyv\u00e4isyys on kiinte\u00e4sti sidoksissa odotuksiin ja saatujen palvelujen arvoon.<\/p>\n<h2>Telel\u00e4\u00e4ketieteen s\u00e4\u00e4ntely- ja vaatimustenmukaisuusongelmat<\/h2>\n<p>S\u00e4\u00e4ntely- ja vaatimustenmukaisuuskysymykset ovat kriittisi\u00e4 telel\u00e4\u00e4ketieteen palvelujen kehitt\u00e4misess\u00e4 ja tarjoamisessa. Sek\u00e4 NHS:n ett\u00e4 yksityisten palveluntarjoajien on navigoitava monimutkaisessa s\u00e4\u00e4nn\u00f6st\u00f6ss\u00e4 varmistaakseen, ett\u00e4 heid\u00e4n palvelunsa ovat terveydenhuoltostandardien ja tietosuojalakien mukaisia. T\u00e4m\u00e4 sis\u00e4lt\u00e4\u00e4 yleisen tietosuoja-asetuksen (GDPR) noudattamisen ja tarvittavien sertifikaattien ja lisenssien hankkimisen lailliseen toimintaan.<\/p>\n<p>Koska telel\u00e4\u00e4ketiede kehittyy jatkuvasti, s\u00e4\u00e4ntelypuitteita on mukautettava vastaamaan uusia haasteita ja teknologioita. T\u00e4m\u00e4 sis\u00e4lt\u00e4\u00e4 sen varmistamisen, ett\u00e4 telel\u00e4\u00e4ketieteen palvelut ovat kaikkien potilaiden saatavilla, hoidon korkeiden standardien yll\u00e4pit\u00e4mist\u00e4 ja potilastietojen suojaamista. Terveydenhuollon sidosryhmien on teht\u00e4v\u00e4 yhteisty\u00f6t\u00e4 kehitt\u00e4\u00e4kseen kokonaisvaltaisia \u200b\u200bpolitiikkoja, jotka tukevat telel\u00e4\u00e4ketieteen kasvua ja kest\u00e4vyytt\u00e4 turvaten samalla kansanterveyden edut.<\/p>\n","protected":false},"excerpt":{"rendered":"<p>Et\u00e4l\u00e4\u00e4ketiede: verkkokonsultaatiot ja kelpoisuusselvitykset: NHS:n ohjaus vs yksityinen verkkohoito Koska telel\u00e4\u00e4ketiede kehittyy edelleen Isossa-Britanniassa, NHS:n ja yksityisten online-terveyspalvelujen v\u00e4listen erojen ymm\u00e4rt\u00e4minen on ratkaisevan t\u00e4rke\u00e4\u00e4 sek\u00e4 potilaille ett\u00e4 palveluntarjoajille. Yleiskatsaus telel\u00e4\u00e4ketieteest\u00e4 Isossa-Britanniassa Telel\u00e4\u00e4ketieteest\u00e4 on nopeasti tullut terveydenhuollon kulmakivi Isossa-Britanniassa, erityisesti COVID-19-pandemian j\u00e4lkeen. T\u00e4m\u00e4 l\u00e4hestymistapa sis\u00e4lt\u00e4\u00e4 digitaalisten viestint\u00e4ty\u00f6kalujen k\u00e4ytt\u00e4misen l\u00e4\u00e4ketieteellisten konsulttien ja diagnoosien tarjoamiseen et\u00e4n\u00e4, mik\u00e4 parantaa<\/p>\n<div><a class=\"btn-filled btn\" href=\"https:\/\/bouwstenenverhuur.brogt.nl\/index.php\/yleiskatsaus-telelaaketieteesta-isossa-britanniassa\/\" title=\"Yleiskatsaus telel\u00e4\u00e4ketieteest\u00e4 Isossa-Britanniassa\">Read More<\/a><\/div>\n","protected":false},"author":1,"featured_media":0,"parent":0,"menu_order":0,"comment_status":"closed","ping_status":"closed","template":"","meta":{"footnotes":""},"class_list":["post-54996","page","type-page","status-publish","hentry"],"_links":{"self":[{"href":"https:\/\/bouwstenenverhuur.brogt.nl\/index.php\/wp-json\/wp\/v2\/pages\/54996","targetHints":{"allow":["GET"]}}],"collection":[{"href":"https:\/\/bouwstenenverhuur.brogt.nl\/index.php\/wp-json\/wp\/v2\/pages"}],"about":[{"href":"https:\/\/bouwstenenverhuur.brogt.nl\/index.php\/wp-json\/wp\/v2\/types\/page"}],"author":[{"embeddable":true,"href":"https:\/\/bouwstenenverhuur.brogt.nl\/index.php\/wp-json\/wp\/v2\/users\/1"}],"replies":[{"embeddable":true,"href":"https:\/\/bouwstenenverhuur.brogt.nl\/index.php\/wp-json\/wp\/v2\/comments?post=54996"}],"version-history":[{"count":1,"href":"https:\/\/bouwstenenverhuur.brogt.nl\/index.php\/wp-json\/wp\/v2\/pages\/54996\/revisions"}],"predecessor-version":[{"id":54998,"href":"https:\/\/bouwstenenverhuur.brogt.nl\/index.php\/wp-json\/wp\/v2\/pages\/54996\/revisions\/54998"}],"wp:attachment":[{"href":"https:\/\/bouwstenenverhuur.brogt.nl\/index.php\/wp-json\/wp\/v2\/media?parent=54996"}],"curies":[{"name":"wp","href":"https:\/\/api.w.org\/{rel}","templated":true}]}}